CRAN Package Check Results for Package dMod

Last updated on 2020-06-03 01:50:44 CEST.

Flavor Version Tinstall Tcheck Ttotal Status Flags
r-devel-linux-x86_64-debian-clang 1.0.1 14.92 167.52 182.44 NOTE
r-devel-linux-x86_64-debian-gcc 1.0.1 11.58 123.75 135.33 NOTE
r-devel-linux-x86_64-fedora-clang 1.0.1 214.24 NOTE
r-devel-linux-x86_64-fedora-gcc 1.0.1 206.99 NOTE
r-devel-windows-ix86+x86_64 1.0.1 39.00 235.00 274.00 NOTE
r-patched-linux-x86_64 1.0.1 14.23 163.02 177.25 NOTE
r-patched-solaris-x86 1.0.1 266.40 NOTE
r-release-linux-x86_64 1.0.1 14.24 163.31 177.55 NOTE
r-release-osx-x86_64 1.0.1 OK
r-release-windows-ix86+x86_64 1.0.1 25.00 163.00 188.00 NOTE
r-oldrel-osx-x86_64 1.0.1 OK
r-oldrel-windows-ix86+x86_64 1.0.1 24.00 172.00 196.00 NOTE

Check Details

Version: 1.0.1
Check: package dependencies
Result: NOTE
    Package suggested but not available for checking: 'rPython'
Flavors: r-devel-linux-x86_64-debian-clang, r-devel-linux-x86_64-debian-gcc, r-devel-linux-x86_64-fedora-clang, r-devel-linux-x86_64-fedora-gcc, r-devel-windows-ix86+x86_64, r-patched-linux-x86_64, r-patched-solaris-x86, r-release-linux-x86_64, r-release-windows-ix86+x86_64, r-oldrel-windows-ix86+x86_64