CRAN Package Check Results for Package dad

Last updated on 2019-10-20 01:46:47 CEST.

Flavor Version Tinstall Tcheck Ttotal Status Flags
r-devel-linux-x86_64-debian-clang 3.3.0 13.58 133.05 146.63 OK
r-devel-linux-x86_64-debian-gcc 3.3.0 12.01 100.14 112.15 OK
r-devel-linux-x86_64-fedora-clang 3.3.0 173.98 NOTE
r-devel-linux-x86_64-fedora-gcc 3.3.0 170.47 NOTE
r-devel-windows-ix86+x86_64 3.3.0 28.00 153.00 181.00 OK
r-patched-linux-x86_64 3.3.0 16.59 130.01 146.60 OK
r-patched-solaris-x86 3.3.0 232.00 NOTE
r-release-linux-x86_64 3.3.0 15.63 130.54 146.17 OK
r-release-windows-ix86+x86_64 3.3.0 27.00 215.00 242.00 OK
r-release-osx-x86_64 3.3.0 NOTE
r-oldrel-windows-ix86+x86_64 3.3.0 17.00 133.00 150.00 OK
r-oldrel-osx-x86_64 3.3.0 NOTE

Check Details

Version: 3.3.0
Check: data for non-ASCII characters
Result: NOTE
     Note: found 4 marked Latin-1 strings
     Note: found 21 marked UTF-8 strings
Flavors: r-devel-linux-x86_64-fedora-clang, r-devel-linux-x86_64-fedora-gcc, r-patched-solaris-x86, r-release-osx-x86_64, r-oldrel-osx-x86_64