CRAN Package Check Results for Package dartR

Last updated on 2019-10-20 01:46:47 CEST.

Flavor Version Tinstall Tcheck Ttotal Status Flags
r-devel-linux-x86_64-debian-clang 1.1.11 30.77 349.06 379.83 OK
r-devel-linux-x86_64-debian-gcc 1.1.11 25.36 266.42 291.78 OK
r-devel-linux-x86_64-fedora-clang 1.1.11 443.57 OK
r-devel-linux-x86_64-fedora-gcc 1.1.11 455.41 OK
r-devel-windows-ix86+x86_64 1.1.11 66.00 366.00 432.00 OK
r-patched-linux-x86_64 1.1.11 30.80 336.69 367.49 OK
r-release-linux-x86_64 1.1.11 29.19 343.54 372.73 OK
r-release-windows-ix86+x86_64 1.1.11 59.00 535.00 594.00 OK
r-release-osx-x86_64 1.1.11 WARN
r-oldrel-windows-ix86+x86_64 1.1.11 43.00 348.00 391.00 OK
r-oldrel-osx-x86_64 1.1.11 OK

Check Details

Version: 1.1.11
Check: whether package can be installed
Result: WARN
    Found the following significant warnings:
     Warning: 'rgl_init' failed, running with rgl.useNULL = TRUE
Flavor: r-release-osx-x86_64

Version: 1.1.11
Check: dependencies in R code
Result: NOTE
    No protocol specified
Flavor: r-release-osx-x86_64

Version: 1.1.11
Check: S3 generic/method consistency
Result: WARN
    No protocol specified
    See section ‘Generic functions and methods’ in the ‘Writing R
    Extensions’ manual.
Flavor: r-release-osx-x86_64

Version: 1.1.11
Check: replacement functions
Result: WARN
    No protocol specified
    The argument of a replacement function which corresponds to the right
    hand side must be named ‘value’.
Flavor: r-release-osx-x86_64

Version: 1.1.11
Check: foreign function calls
Result: NOTE
    No protocol specified
    See chapter ‘System and foreign language interfaces’ in the ‘Writing R
    Extensions’ manual.
Flavor: r-release-osx-x86_64

Version: 1.1.11
Check: R code for possible problems
Result: NOTE
    No protocol specified
Flavor: r-release-osx-x86_64

Version: 1.1.11
Check: for missing documentation entries
Result: WARN
    No protocol specified
    All user-level objects in a package should have documentation entries.
    See chapter ‘Writing R documentation files’ in the ‘Writing R
    Extensions’ manual.
Flavor: r-release-osx-x86_64

Version: 1.1.11
Check: for code/documentation mismatches
Result: WARN
    No protocol specified
    No protocol specified
    No protocol specified
Flavor: r-release-osx-x86_64

Version: 1.1.11
Check: Rd \usage sections
Result: NOTE
    No protocol specified
    The \usage entries for S3 methods should use the \method markup and not
    their full name.
    See chapter ‘Writing R documentation files’ in the ‘Writing R
    Extensions’ manual.
Flavor: r-release-osx-x86_64