CRAN Package Check Results for Package data.table

Last updated on 2019-09-17 01:50:06 CEST.

Flavor Version Tinstall Tcheck Ttotal Status Flags
r-devel-linux-x86_64-debian-clang 1.12.2 30.54 426.31 456.85 NOTE
r-devel-linux-x86_64-debian-gcc 1.12.2 NOTE
r-devel-linux-x86_64-fedora-clang 1.12.2 385.90 NOTE
r-devel-linux-x86_64-fedora-gcc 1.12.2 389.39 NOTE
r-devel-windows-ix86+x86_64 1.12.2 133.00 400.00 533.00 OK
r-patched-linux-x86_64 1.12.2 28.00 481.25 509.25 OK
r-patched-solaris-x86 1.12.2 352.80 OK
r-release-linux-x86_64 1.12.2 27.31 526.74 554.05 OK
r-release-windows-ix86+x86_64 1.12.2 93.00 340.00 433.00 OK
r-release-osx-x86_64 1.12.2 OK
r-oldrel-windows-ix86+x86_64 1.12.2 124.00 350.00 474.00 OK
r-oldrel-osx-x86_64 1.12.2 OK

Additional issues

LTO noLD rchk

Check Details

Version: 1.12.2
Check: for non-standard things in the check directory
Result: NOTE
    Found the following files/directories:
     'new.pdf'
Flavors: r-devel-linux-x86_64-debian-clang, r-devel-linux-x86_64-debian-gcc, r-devel-linux-x86_64-fedora-clang, r-devel-linux-x86_64-fedora-gcc