CRAN Package Check Results for Package decoder

Last updated on 2020-06-01 01:50:53 CEST.

Flavor Version Tinstall Tcheck Ttotal Status Flags
r-devel-linux-x86_64-debian-clang 1.2.2 4.90 35.78 40.68 OK
r-devel-linux-x86_64-debian-gcc 1.2.2 4.60 28.66 33.26 OK
r-devel-linux-x86_64-fedora-clang 1.2.2 58.13 NOTE
r-devel-linux-x86_64-fedora-gcc 1.2.2 50.70 NOTE
r-devel-windows-ix86+x86_64 1.2.2 13.00 74.00 87.00 OK
r-patched-linux-x86_64 1.2.2 4.82 35.68 40.50 OK
r-patched-solaris-x86 1.2.2 73.30 NOTE
r-release-linux-x86_64 1.2.2 5.52 35.37 40.89 OK
r-release-osx-x86_64 1.2.2 NOTE
r-release-windows-ix86+x86_64 1.2.2 10.00 70.00 80.00 OK
r-oldrel-osx-x86_64 1.2.2 NOTE
r-oldrel-windows-ix86+x86_64 1.2.2 14.00 51.00 65.00 OK

Check Details

Version: 1.2.2
Check: data for non-ASCII characters
Result: NOTE
     Note: found 1 marked Latin-1 string
     Note: found 46826 marked UTF-8 strings
Flavors: r-devel-linux-x86_64-fedora-clang, r-devel-linux-x86_64-fedora-gcc, r-patched-solaris-x86, r-release-osx-x86_64, r-oldrel-osx-x86_64