CRAN Package Check Results for Package decoder

Last updated on 2019-10-22 01:49:24 CEST.

Flavor Version Tinstall Tcheck Ttotal Status Flags
r-devel-linux-x86_64-debian-clang 1.1.13 3.09 30.72 33.81 OK
r-devel-linux-x86_64-debian-gcc 1.1.13 2.26 24.44 26.70 OK
r-devel-linux-x86_64-fedora-clang 1.1.13 41.60 OK
r-devel-linux-x86_64-fedora-gcc 1.1.13 41.09 OK
r-devel-windows-ix86+x86_64 1.1.13 11.00 74.00 85.00 OK
r-patched-linux-x86_64 1.1.13 2.69 30.12 32.81 OK
r-patched-solaris-x86 1.1.13 62.10 WARN
r-release-linux-x86_64 1.1.13 2.58 29.67 32.25 OK
r-release-windows-ix86+x86_64 1.1.13 11.00 47.00 58.00 OK
r-release-osx-x86_64 1.1.13 WARN
r-oldrel-windows-ix86+x86_64 1.1.13 5.00 43.00 48.00 OK
r-oldrel-osx-x86_64 1.1.13 WARN

Check Details

Version: 1.1.13
Check: re-building of vignette outputs
Result: WARN
    Error(s) in re-building vignettes:
     ...
    --- re-building ‘RC_units.Rmd’ using rmarkdown
    Warning in engine$weave(file, quiet = quiet, encoding = enc) :
     Pandoc (>= 1.12.3) and/or pandoc-citeproc not available. Falling back to R Markdown v1.
    --- finished re-building ‘RC_units.Rmd’
    
    --- re-building ‘decoder.Rmd’ using rmarkdown
    Warning in engine$weave(file, quiet = quiet, encoding = enc) :
     Pandoc (>= 1.12.3) and/or pandoc-citeproc not available. Falling back to R Markdown v1.
    --- finished re-building ‘decoder.Rmd’
    
    --- re-building ‘sjukhus.Rmd’ using rmarkdown
    Warning in engine$weave(file, quiet = quiet, encoding = enc) :
     Pandoc (>= 1.12.3) and/or pandoc-citeproc not available. Falling back to R Markdown v1.
    Joining, by = "key"
    Joining, by = "key"
    PhantomJS not found. You can install it with webshot::install_phantomjs(). If it is installed, please make sure the phantomjs executable can be found via the PATH variable.
    Quitting from lines 102-122 (sjukhus.Rmd)
    Error: processing vignette 'sjukhus.Rmd' failed with diagnostics:
    cannot open the connection
    --- failed re-building ‘sjukhus.Rmd’
    
    SUMMARY: processing the following file failed:
     ‘sjukhus.Rmd’
    
    Error: Vignette re-building failed.
    Execution halted
Flavor: r-patched-solaris-x86

Version: 1.1.13
Check: re-building of vignette outputs
Result: WARN
    Error(s) in re-building vignettes:
    --- re-building ‘RC_units.Rmd’ using rmarkdown
    Warning in engine$weave(file, quiet = quiet, encoding = enc) :
     Pandoc (>= 1.12.3) and/or pandoc-citeproc not available. Falling back to R Markdown v1.
    --- finished re-building ‘RC_units.Rmd’
    
    --- re-building ‘decoder.Rmd’ using rmarkdown
    Warning in engine$weave(file, quiet = quiet, encoding = enc) :
     Pandoc (>= 1.12.3) and/or pandoc-citeproc not available. Falling back to R Markdown v1.
    --- finished re-building ‘decoder.Rmd’
    
    --- re-building ‘sjukhus.Rmd’ using rmarkdown
    Warning in engine$weave(file, quiet = quiet, encoding = enc) :
     Pandoc (>= 1.12.3) and/or pandoc-citeproc not available. Falling back to R Markdown v1.
    Joining, by = "key"
    Joining, by = "key"
    PhantomJS not found. You can install it with webshot::install_phantomjs(). If it is installed, please make sure the phantomjs executable can be found via the PATH variable.
    Quitting from lines 102-122 (sjukhus.Rmd)
    Error: processing vignette 'sjukhus.Rmd' failed with diagnostics:
    cannot open the connection
    --- failed re-building ‘sjukhus.Rmd’
    
    SUMMARY: processing the following file failed:
     ‘sjukhus.Rmd’
    
    Error: Vignette re-building failed.
    Execution halted
Flavor: r-release-osx-x86_64

Version: 1.1.13
Check: re-building of vignette outputs
Result: WARN
    Error in re-building vignettes:
     ...
    Warning in engine$weave(file, quiet = quiet, encoding = enc) :
     Pandoc (>= 1.12.3) and/or pandoc-citeproc not available. Falling back to R Markdown v1.
    Warning in engine$weave(file, quiet = quiet, encoding = enc) :
     Pandoc (>= 1.12.3) and/or pandoc-citeproc not available. Falling back to R Markdown v1.
    Warning in engine$weave(file, quiet = quiet, encoding = enc) :
     Pandoc (>= 1.12.3) and/or pandoc-citeproc not available. Falling back to R Markdown v1.
    Joining, by = "key"
    Joining, by = "key"
    PhantomJS not found. You can install it with webshot::install_phantomjs(). If it is installed, please make sure the phantomjs executable can be found via the PATH variable.
    Quitting from lines 102-122 (sjukhus.Rmd)
    Error: processing vignette 'sjukhus.Rmd' failed with diagnostics:
    cannot open the connection
    Execution halted
Flavor: r-oldrel-osx-x86_64