CRAN Package Check Results for Package deltar

Last updated on 2020-05-28 01:53:14 CEST.

Flavor Version Tinstall Tcheck Ttotal Status Flags
r-devel-linux-x86_64-debian-clang 1.0.0 2.67 30.02 32.69 NOTE
r-devel-linux-x86_64-debian-gcc 1.0.0 2.10 22.68 24.78 NOTE
r-devel-linux-x86_64-fedora-clang 1.0.0 40.61 NOTE
r-devel-linux-x86_64-fedora-gcc 1.0.0 37.36 NOTE
r-devel-windows-ix86+x86_64 1.0.0 13.00 64.00 77.00 OK
r-patched-linux-x86_64 1.0.0 2.55 28.79 31.34 NOTE
r-patched-solaris-x86 1.0.0 57.10 NOTE
r-release-linux-x86_64 1.0.0 2.69 28.74 31.43 NOTE
r-release-osx-x86_64 1.0.0 OK
r-release-windows-ix86+x86_64 1.0.0 18.00 57.00 75.00 OK
r-oldrel-osx-x86_64 1.0.0 OK
r-oldrel-windows-ix86+x86_64 1.0.0 5.00 41.00 46.00 OK

Check Details

Version: 1.0.0
Check: R code for possible problems
Result: NOTE
    Found an obsolete/platform-specific call in the following function:
     'dr_df'
    Found the platform-specific device:
     'x11'
    dev.new() is the preferred way to open a new device, in the unlikely
    event one is needed.
Flavors: r-devel-linux-x86_64-debian-clang, r-devel-linux-x86_64-debian-gcc, r-devel-linux-x86_64-fedora-clang, r-devel-linux-x86_64-fedora-gcc, r-patched-linux-x86_64, r-patched-solaris-x86, r-release-linux-x86_64