CRAN Package Check Results for Package deltar

Last updated on 2019-10-19 01:50:10 CEST.

Flavor Version Tinstall Tcheck Ttotal Status Flags
r-devel-linux-x86_64-debian-clang 1.0.0 2.27 26.10 28.37 NOTE
r-devel-linux-x86_64-debian-gcc 1.0.0 1.76 19.42 21.18 NOTE
r-devel-linux-x86_64-fedora-clang 1.0.0 34.65 NOTE
r-devel-linux-x86_64-fedora-gcc 1.0.0 32.60 NOTE
r-devel-windows-ix86+x86_64 1.0.0 11.00 39.00 50.00 OK
r-patched-linux-x86_64 1.0.0 1.72 24.12 25.84 NOTE
r-patched-solaris-x86 1.0.0 48.80 NOTE
r-release-linux-x86_64 1.0.0 1.93 24.06 25.99 NOTE
r-release-windows-ix86+x86_64 1.0.0 5.00 47.00 52.00 OK
r-release-osx-x86_64 1.0.0 OK
r-oldrel-windows-ix86+x86_64 1.0.0 3.00 33.00 36.00 OK
r-oldrel-osx-x86_64 1.0.0 OK

Check Details

Version: 1.0.0
Check: R code for possible problems
Result: NOTE
    Found an obsolete/platform-specific call in the following function:
     'dr_df'
    Found the platform-specific device:
     'x11'
    dev.new() is the preferred way to open a new device, in the unlikely
    event one is needed.
Flavors: r-devel-linux-x86_64-debian-clang, r-devel-linux-x86_64-debian-gcc, r-devel-linux-x86_64-fedora-clang, r-devel-linux-x86_64-fedora-gcc, r-patched-linux-x86_64, r-patched-solaris-x86, r-release-linux-x86_64