CRAN Package Check Results for Package diffeqr

Last updated on 2019-12-09 01:48:57 CET.

Flavor Version Tinstall Tcheck Ttotal Status Flags
r-devel-linux-x86_64-debian-clang 0.1.3 2.95 29.64 32.59 OK
r-devel-linux-x86_64-debian-gcc 0.1.3 2.15 24.23 26.38 OK
r-devel-linux-x86_64-fedora-clang 0.1.3 39.88 NOTE
r-devel-linux-x86_64-fedora-gcc 0.1.3 37.91 OK
r-devel-windows-ix86+x86_64 0.1.3 7.00 69.00 76.00 NOTE
r-devel-windows-ix86+x86_64-gcc8 0.1.3 8.00 49.00 57.00 NOTE
r-patched-linux-x86_64 0.1.3 2.07 27.88 29.95 OK
r-patched-solaris-x86 0.1.3 48.80 NOTE
r-release-linux-x86_64 0.1.3 2.50 27.55 30.05 OK
r-release-windows-ix86+x86_64 0.1.3 8.00 45.00 53.00 NOTE
r-release-osx-x86_64 0.1.3 NOTE
r-oldrel-windows-ix86+x86_64 0.1.3 4.00 41.00 45.00 NOTE
r-oldrel-osx-x86_64 0.1.3 NOTE

Check Details

Version: 0.1.3
Check: installed package size
Result: NOTE
     installed size is 9.5Mb
     sub-directories of 1Mb or more:
     doc 9.3Mb
Flavors: r-devel-linux-x86_64-fedora-clang, r-devel-windows-ix86+x86_64, r-devel-windows-ix86+x86_64-gcc8, r-patched-solaris-x86, r-release-windows-ix86+x86_64, r-release-osx-x86_64, r-oldrel-windows-ix86+x86_64, r-oldrel-osx-x86_64