CRAN Package Check Results for Package diffeqr

Last updated on 2020-07-04 02:49:56 CEST.

Flavor Version Tinstall Tcheck Ttotal Status Flags
r-devel-linux-x86_64-debian-clang 0.1.3 3.11 29.12 32.23 OK
r-devel-linux-x86_64-debian-gcc 0.1.3 2.18 23.21 25.39 OK
r-devel-linux-x86_64-fedora-clang 0.1.3 46.15 NOTE
r-devel-linux-x86_64-fedora-gcc 0.1.3 38.33 OK
r-devel-windows-ix86+x86_64 0.1.3 12.00 65.00 77.00 NOTE
r-patched-linux-x86_64 0.1.3 3.06 29.53 32.59 OK
r-patched-solaris-x86 0.1.3 54.10 NOTE
r-release-linux-x86_64 0.1.3 3.14 29.35 32.49 OK
r-release-osx-x86_64 0.1.3 NOTE
r-release-windows-ix86+x86_64 0.1.3 7.00 46.00 53.00 NOTE
r-oldrel-osx-x86_64 0.1.3 NOTE
r-oldrel-windows-ix86+x86_64 0.1.3 6.00 47.00 53.00 NOTE

Check Details

Version: 0.1.3
Check: installed package size
Result: NOTE
     installed size is 9.5Mb
     sub-directories of 1Mb or more:
     doc 9.3Mb
Flavors: r-devel-linux-x86_64-fedora-clang, r-devel-windows-ix86+x86_64, r-patched-solaris-x86, r-release-osx-x86_64, r-release-windows-ix86+x86_64, r-oldrel-osx-x86_64, r-oldrel-windows-ix86+x86_64