CRAN Package Check Results for Package disaggregation

Last updated on 2020-04-05 02:50:28 CEST.

Flavor Version Tinstall Tcheck Ttotal Status Flags
r-devel-linux-x86_64-debian-clang 0.1.3 104.24 94.26 198.50 NOTE
r-devel-linux-x86_64-debian-gcc 0.1.3 72.65 71.30 143.95 NOTE
r-devel-linux-x86_64-fedora-clang 0.1.3 484.54 NOTE
r-devel-linux-x86_64-fedora-gcc 0.1.3 466.61 NOTE
r-devel-windows-ix86+x86_64 0.1.3 143.00 384.00 527.00 NOTE
r-devel-windows-ix86+x86_64-gcc8 0.1.3 140.00 399.00 539.00 NOTE
r-patched-linux-x86_64 0.1.3 74.53 91.67 166.20 NOTE
r-patched-solaris-x86 0.1.3 365.40 NOTE
r-release-linux-x86_64 0.1.3 74.04 86.89 160.93 NOTE
r-release-windows-ix86+x86_64 0.1.3 140.00 439.00 579.00 NOTE
r-release-osx-x86_64 0.1.3 NOTE
r-oldrel-windows-ix86+x86_64 0.1.3 140.00 428.00 568.00 NOTE
r-oldrel-osx-x86_64 0.1.3 NOTE

Check Details

Version: 0.1.3
Check: package dependencies
Result: NOTE
    Package suggested but not available for checking: 'INLA'
Flavors: r-devel-linux-x86_64-debian-clang, r-devel-linux-x86_64-debian-gcc, r-patched-linux-x86_64, r-patched-solaris-x86, r-release-linux-x86_64, r-release-osx-x86_64, r-oldrel-osx-x86_64

Version: 0.1.3
Check: installed package size
Result: NOTE
     installed size is 21.8Mb
     sub-directories of 1Mb or more:
     libs 21.5Mb
Flavors: r-devel-linux-x86_64-fedora-clang, r-devel-windows-ix86+x86_64, r-devel-windows-ix86+x86_64-gcc8, r-release-windows-ix86+x86_64, r-release-osx-x86_64, r-oldrel-windows-ix86+x86_64, r-oldrel-osx-x86_64

Version: 0.1.3
Check: dependencies in R code
Result: NOTE
    Namespaces in Imports field not imported from:
     ‘rgdal’ ‘rgeos’ ‘splancs’ ‘utils’
     All declared Imports should be used.
Flavors: r-devel-linux-x86_64-fedora-clang, r-devel-linux-x86_64-fedora-gcc, r-patched-solaris-x86, r-release-osx-x86_64, r-oldrel-osx-x86_64