CRAN Package Check Results for Package dispRity

Last updated on 2020-06-03 01:50:44 CEST.

Flavor Version Tinstall Tcheck Ttotal Status Flags
r-devel-linux-x86_64-debian-clang 1.4.0 18.55 150.91 169.46 OK
r-devel-linux-x86_64-debian-gcc 1.4.0 15.67 115.62 131.29 OK
r-devel-linux-x86_64-fedora-clang 1.4.0 214.72 OK
r-devel-linux-x86_64-fedora-gcc 1.4.0 204.44 OK
r-devel-windows-ix86+x86_64 1.4.0 52.00 304.00 356.00 OK
r-patched-linux-x86_64 1.4.0 17.59 152.32 169.91 OK
r-patched-solaris-x86 1.4.0 286.00 OK
r-release-linux-x86_64 1.4.0 16.72 155.40 172.12 OK
r-release-osx-x86_64 1.4.0 OK
r-release-windows-ix86+x86_64 1.4.0 44.00 309.00 353.00 OK
r-oldrel-osx-x86_64 1.4.0 ERROR
r-oldrel-windows-ix86+x86_64 1.4.0 36.00 160.00 196.00 ERROR

Check Details

Version: 1.4.0
Check: examples
Result: ERROR
    Running examples in ‘dispRity-Ex.R’ failed
    The error most likely occurred in:
    
    > ### Name: boot.matrix
    > ### Title: Bootstraps and rarefies data.
    > ### Aliases: boot.matrix
    >
    > ### ** Examples
    >
    > ## Load the Beck & Lee 2014 matrix
    > data(BeckLee_mat50)
    >
    > ## Bootstrapping a matrix
    > ## Bootstrapping an ordinated matrix 20 times
    > boot.matrix(BeckLee_mat50, bootstraps = 20)
    Error: data$matrix must be matrix or a list of matrices with the same dimensions and row names.
    Execution halted
Flavor: r-oldrel-osx-x86_64

Version: 1.4.0
Check: running examples for arch ‘i386’
Result: ERROR
    Running examples in 'dispRity-Ex.R' failed
    The error most likely occurred in:
    
    > ### Name: boot.matrix
    > ### Title: Bootstraps and rarefies data.
    > ### Aliases: boot.matrix
    >
    > ### ** Examples
    >
    > ## Load the Beck & Lee 2014 matrix
    > data(BeckLee_mat50)
    >
    > ## Bootstrapping a matrix
    > ## Bootstrapping an ordinated matrix 20 times
    > boot.matrix(BeckLee_mat50, bootstraps = 20)
    Error: data$matrix must be matrix or a list of matrices with the same dimensions and row names.
    Execution halted
Flavor: r-oldrel-windows-ix86+x86_64

Version: 1.4.0
Check: running examples for arch ‘x64’
Result: ERROR
    Running examples in 'dispRity-Ex.R' failed
    The error most likely occurred in:
    
    > ### Name: boot.matrix
    > ### Title: Bootstraps and rarefies data.
    > ### Aliases: boot.matrix
    >
    > ### ** Examples
    >
    > ## Load the Beck & Lee 2014 matrix
    > data(BeckLee_mat50)
    >
    > ## Bootstrapping a matrix
    > ## Bootstrapping an ordinated matrix 20 times
    > boot.matrix(BeckLee_mat50, bootstraps = 20)
    Error: data$matrix must be matrix or a list of matrices with the same dimensions and row names.
    Execution halted
Flavor: r-oldrel-windows-ix86+x86_64