CRAN Package Check Results for Package distTails

Last updated on 2019-10-17 02:47:21 CEST.

Flavor Version Tinstall Tcheck Ttotal Status Flags
r-devel-linux-x86_64-debian-clang 0.1.2 1.82 17.46 19.28 OK
r-devel-linux-x86_64-debian-gcc 0.1.2 1.51 13.92 15.43 OK
r-devel-linux-x86_64-fedora-clang 0.1.2 24.37 OK
r-devel-linux-x86_64-fedora-gcc 0.1.2 23.63 OK
r-devel-windows-ix86+x86_64 0.1.2 6.00 30.00 36.00 OK
r-patched-linux-x86_64 0.1.2 1.67 17.51 19.18 OK
r-patched-solaris-x86 0.1.2 35.30 OK
r-release-linux-x86_64 0.1.2 1.61 17.35 18.96 OK
r-release-windows-ix86+x86_64 0.1.2 5.00 42.00 47.00 OK
r-release-osx-x86_64 0.1.2 OK
r-oldrel-osx-x86_64 0.1.2 ERROR

Check Details

Version: 0.1.2
Check: whether package can be installed
Result: ERROR
    Installation failed.
Flavor: r-oldrel-osx-x86_64