CRAN Package Check Results for Package divagis

Last updated on 2020-07-04 02:49:56 CEST.

Flavor Version Tinstall Tcheck Ttotal Status Flags
r-devel-linux-x86_64-debian-clang 1.0.0 2.94 32.21 35.15 NOTE
r-devel-linux-x86_64-debian-gcc 1.0.0 2.88 25.92 28.80 NOTE
r-devel-linux-x86_64-fedora-clang 1.0.0 53.51 NOTE
r-devel-linux-x86_64-fedora-gcc 1.0.0 44.48 NOTE
r-devel-windows-ix86+x86_64 1.0.0 13.00 63.00 76.00 NOTE
r-patched-linux-x86_64 1.0.0 3.30 31.90 35.20 NOTE
r-patched-solaris-x86 1.0.0 72.40 NOTE
r-release-linux-x86_64 1.0.0 3.80 31.80 35.60 NOTE
r-release-osx-x86_64 1.0.0 NOTE
r-release-windows-ix86+x86_64 1.0.0 7.00 41.00 48.00 NOTE
r-oldrel-osx-x86_64 1.0.0 NOTE
r-oldrel-windows-ix86+x86_64 1.0.0 8.00 75.00 83.00 NOTE

Check Details

Version: 1.0.0
Check: DESCRIPTION meta-information
Result: NOTE
    Malformed Title field: should not end in a period.
Flavors: r-devel-linux-x86_64-debian-clang, r-devel-linux-x86_64-debian-gcc, r-devel-linux-x86_64-fedora-clang, r-devel-linux-x86_64-fedora-gcc, r-devel-windows-ix86+x86_64, r-patched-linux-x86_64, r-patched-solaris-x86, r-release-linux-x86_64, r-release-osx-x86_64, r-release-windows-ix86+x86_64, r-oldrel-osx-x86_64, r-oldrel-windows-ix86+x86_64

Version: 1.0.0
Check: Rd files
Result: NOTE
    prepare_Rd: extract.val.Rd:25-26: Dropping empty section \note
    prepare_Rd: extract.val.Rd:27: Dropping empty section \seealso
Flavors: r-devel-linux-x86_64-debian-clang, r-devel-linux-x86_64-debian-gcc, r-devel-linux-x86_64-fedora-clang, r-devel-linux-x86_64-fedora-gcc, r-devel-windows-ix86+x86_64, r-patched-linux-x86_64, r-patched-solaris-x86, r-release-linux-x86_64, r-release-osx-x86_64, r-release-windows-ix86+x86_64, r-oldrel-osx-x86_64, r-oldrel-windows-ix86+x86_64