CRAN Package Check Results for Package divagis

Last updated on 2019-11-21 00:49:55 CET.

Flavor Version Tinstall Tcheck Ttotal Status Flags
r-devel-linux-x86_64-debian-clang 1.0.0 3.68 30.68 34.36 NOTE
r-devel-linux-x86_64-debian-gcc 1.0.0 2.80 25.17 27.97 NOTE
r-devel-linux-x86_64-fedora-clang 1.0.0 43.41 NOTE
r-devel-linux-x86_64-fedora-gcc 1.0.0 42.31 NOTE
r-devel-windows-ix86+x86_64 1.0.0 14.00 57.00 71.00 NOTE
r-devel-windows-ix86+x86_64-gcc8 1.0.0 10.00 44.00 54.00 NOTE
r-patched-linux-x86_64 1.0.0 2.97 29.81 32.78 NOTE
r-patched-solaris-x86 1.0.0 66.70 NOTE
r-release-linux-x86_64 1.0.0 2.90 29.42 32.32 NOTE
r-release-windows-ix86+x86_64 1.0.0 15.00 59.00 74.00 NOTE
r-release-osx-x86_64 1.0.0 NOTE
r-oldrel-windows-ix86+x86_64 1.0.0 6.00 55.00 61.00 NOTE
r-oldrel-osx-x86_64 1.0.0 NOTE

Check Details

Version: 1.0.0
Check: DESCRIPTION meta-information
Result: NOTE
    Malformed Title field: should not end in a period.
Flavors: r-devel-linux-x86_64-debian-clang, r-devel-linux-x86_64-debian-gcc, r-devel-linux-x86_64-fedora-clang, r-devel-linux-x86_64-fedora-gcc, r-devel-windows-ix86+x86_64, r-devel-windows-ix86+x86_64-gcc8, r-patched-linux-x86_64, r-patched-solaris-x86, r-release-linux-x86_64, r-release-windows-ix86+x86_64, r-release-osx-x86_64, r-oldrel-windows-ix86+x86_64, r-oldrel-osx-x86_64

Version: 1.0.0
Check: Rd files
Result: NOTE
    prepare_Rd: extract.val.Rd:25-26: Dropping empty section \note
    prepare_Rd: extract.val.Rd:27: Dropping empty section \seealso
Flavors: r-devel-linux-x86_64-debian-clang, r-devel-linux-x86_64-debian-gcc, r-devel-linux-x86_64-fedora-clang, r-devel-linux-x86_64-fedora-gcc, r-devel-windows-ix86+x86_64, r-devel-windows-ix86+x86_64-gcc8, r-patched-linux-x86_64, r-patched-solaris-x86, r-release-linux-x86_64, r-release-windows-ix86+x86_64, r-release-osx-x86_64, r-oldrel-windows-ix86+x86_64, r-oldrel-osx-x86_64