CRAN Package Check Results for Package dplyrAssist

Last updated on 2020-10-01 01:48:37 CEST.

Flavor Version Tinstall Tcheck Ttotal Status Flags
r-devel-linux-x86_64-debian-clang 0.1.0 5.55 43.80 49.35 OK
r-devel-linux-x86_64-debian-gcc 0.1.0 3.90 34.45 38.35 OK
r-devel-linux-x86_64-fedora-clang 0.1.0 66.58 NOTE
r-devel-linux-x86_64-fedora-gcc 0.1.0 58.68 NOTE
r-devel-windows-ix86+x86_64 0.1.0 13.00 65.00 78.00 OK
r-patched-linux-x86_64 0.1.0 4.53 41.66 46.19 OK
r-patched-solaris-x86 0.1.0 93.80 NOTE
r-release-linux-x86_64 0.1.0 4.91 41.74 46.65 OK
r-release-macos-x86_64 0.1.0 NOTE
r-release-windows-ix86+x86_64 0.1.0 13.00 68.00 81.00 OK
r-oldrel-macos-x86_64 0.1.0 NOTE
r-oldrel-windows-ix86+x86_64 0.1.0 10.00 65.00 75.00 OK

Check Details

Version: 0.1.0
Check: dependencies in R code
Result: NOTE
    Namespaces in Imports field not imported from:
     ‘tidyr’ ‘tidyverse’
     All declared Imports should be used.
Flavors: r-devel-linux-x86_64-fedora-clang, r-devel-linux-x86_64-fedora-gcc, r-patched-solaris-x86, r-release-macos-x86_64, r-oldrel-macos-x86_64