CRAN Package Check Results for Package dragon

Last updated on 2020-04-05 02:50:28 CEST.

Flavor Version Tinstall Tcheck Ttotal Status Flags
r-devel-linux-x86_64-debian-clang 0.2.1 2.42 19.45 21.87 OK
r-devel-linux-x86_64-debian-gcc 0.2.1 2.07 15.58 17.65 OK
r-devel-linux-x86_64-fedora-clang 0.2.1 27.78 NOTE
r-devel-linux-x86_64-fedora-gcc 0.2.1 27.14 NOTE
r-devel-windows-ix86+x86_64 0.2.1 15.00 36.00 51.00 OK
r-devel-windows-ix86+x86_64-gcc8 0.2.1 10.00 36.00 46.00 OK
r-patched-linux-x86_64 0.2.1 2.64 19.00 21.64 OK
r-patched-solaris-x86 0.2.1 46.60 NOTE
r-release-linux-x86_64 0.2.1 1.92 18.10 20.02 OK
r-release-windows-ix86+x86_64 0.2.1 16.00 56.00 72.00 OK
r-release-osx-x86_64 0.2.1 NOTE
r-oldrel-windows-ix86+x86_64 0.2.1 5.00 33.00 38.00 OK
r-oldrel-osx-x86_64 0.2.1 NOTE

Check Details

Version: 0.2.1
Check: dependencies in R code
Result: NOTE
    Namespaces in Imports field not imported from:
     ‘DT’ ‘RColorBrewer’ ‘broom’ ‘colorspace’ ‘colourpicker’ ‘cowplot’
     ‘igraph’ ‘magrittr’ ‘shinyBS’ ‘shinyWidgets’ ‘shinydashboard’
     ‘shinythemes’ ‘tidyverse’ ‘visNetwork’
     All declared Imports should be used.
Flavors: r-devel-linux-x86_64-fedora-clang, r-devel-linux-x86_64-fedora-gcc, r-patched-solaris-x86, r-release-osx-x86_64, r-oldrel-osx-x86_64