CRAN Package Check Results for Package dropR

Last updated on 2019-10-14 01:46:22 CEST.

Flavor Version Tinstall Tcheck Ttotal Status Flags
r-devel-linux-x86_64-debian-clang 0.1 1.92 17.46 19.38 NOTE
r-devel-linux-x86_64-debian-gcc 0.1 1.62 14.54 16.16 NOTE
r-devel-linux-x86_64-fedora-clang 0.1 24.68 NOTE
r-devel-linux-x86_64-fedora-gcc 0.1 23.91 NOTE
r-devel-windows-ix86+x86_64 0.1 6.00 32.00 38.00 NOTE
r-patched-linux-x86_64 0.1 1.24 17.50 18.74 NOTE
r-patched-solaris-x86 0.1 37.80 NOTE
r-release-linux-x86_64 0.1 1.55 17.22 18.77 NOTE
r-release-windows-ix86+x86_64 0.1 6.00 29.00 35.00 NOTE
r-release-osx-x86_64 0.1 NOTE
r-oldrel-windows-ix86+x86_64 0.1 2.00 31.00 33.00 NOTE
r-oldrel-osx-x86_64 0.1 NOTE

Check Details

Version: 0.1
Check: R code for possible problems
Result: NOTE
    compute_xsq: no visible global function definition for 'chisq.test'
    Undefined global functions or variables:
     chisq.test
    Consider adding
     importFrom("stats", "chisq.test")
    to your NAMESPACE file.
Flavors: r-devel-linux-x86_64-debian-clang, r-devel-linux-x86_64-debian-gcc, r-devel-linux-x86_64-fedora-clang, r-devel-linux-x86_64-fedora-gcc, r-devel-windows-ix86+x86_64, r-patched-linux-x86_64, r-patched-solaris-x86, r-release-linux-x86_64, r-release-windows-ix86+x86_64, r-release-osx-x86_64, r-oldrel-windows-ix86+x86_64, r-oldrel-osx-x86_64