CRAN Package Check Results for Package easycsv

Last updated on 2020-05-28 01:53:15 CEST.

Flavor Version Tinstall Tcheck Ttotal Status Flags
r-devel-linux-x86_64-debian-clang 1.0.8 2.36 25.62 27.98 NOTE
r-devel-linux-x86_64-debian-gcc 1.0.8 2.11 19.79 21.90 NOTE
r-devel-linux-x86_64-fedora-clang 1.0.8 33.70 NOTE
r-devel-linux-x86_64-fedora-gcc 1.0.8 40.70 NOTE
r-devel-windows-ix86+x86_64 1.0.8 10.00 58.00 68.00 OK
r-patched-linux-x86_64 1.0.8 2.39 25.05 27.44 NOTE
r-patched-solaris-x86 1.0.8 55.40 NOTE
r-release-linux-x86_64 1.0.8 2.83 24.82 27.65 NOTE
r-release-osx-x86_64 1.0.8 OK
r-release-windows-ix86+x86_64 1.0.8 12.00 50.00 62.00 OK
r-oldrel-osx-x86_64 1.0.8 OK
r-oldrel-windows-ix86+x86_64 1.0.8 8.00 37.00 45.00 OK

Check Details

Version: 1.0.8
Check: for non-standard things in the check directory
Result: NOTE
    Found the following files/directories:
     'example_table1.csv' 'example_table1.txt' 'example_table2.csv'
     'example_table2.txt' 'example_table3.csv' 'example_table3.txt'
     'table1.csv' 'table2.csv' 'table2.txt' 'table3.txt' 'table4.txt'
Flavors: r-devel-linux-x86_64-debian-clang, r-devel-linux-x86_64-debian-gcc, r-devel-linux-x86_64-fedora-clang, r-devel-linux-x86_64-fedora-gcc, r-patched-linux-x86_64, r-patched-solaris-x86, r-release-linux-x86_64