CRAN Package Check Results for Package easycsv

Last updated on 2019-10-23 03:48:26 CEST.

Flavor Version Tinstall Tcheck Ttotal Status Flags
r-devel-linux-x86_64-debian-clang 1.0.8 2.46 29.93 32.39 NOTE
r-devel-linux-x86_64-debian-gcc 1.0.8 1.88 24.01 25.89 NOTE
r-devel-linux-x86_64-fedora-clang 1.0.8 39.66 NOTE
r-devel-linux-x86_64-fedora-gcc 1.0.8 37.41 NOTE
r-devel-windows-ix86+x86_64 1.0.8 9.00 56.00 65.00 OK
r-patched-linux-x86_64 1.0.8 1.95 29.21 31.16 OK
r-patched-solaris-x86 1.0.8 51.90 OK
r-release-linux-x86_64 1.0.8 2.08 29.49 31.57 OK
r-release-windows-ix86+x86_64 1.0.8 8.00 34.00 42.00 OK
r-release-osx-x86_64 1.0.8 OK
r-oldrel-windows-ix86+x86_64 1.0.8 4.00 47.00 51.00 OK
r-oldrel-osx-x86_64 1.0.8 OK

Check Details

Version: 1.0.8
Check: for non-standard things in the check directory
Result: NOTE
    Found the following files/directories:
     'example_table1.csv' 'example_table1.txt' 'example_table2.csv'
     'example_table2.txt' 'example_table3.csv' 'example_table3.txt'
     'table1.csv' 'table2.csv' 'table2.txt' 'table3.txt' 'table4.txt'
Flavors: r-devel-linux-x86_64-debian-clang, r-devel-linux-x86_64-debian-gcc, r-devel-linux-x86_64-fedora-clang, r-devel-linux-x86_64-fedora-gcc