CRAN Package Check Results for Package eco

Last updated on 2019-10-20 01:46:48 CEST.

Flavor Version Tinstall Tcheck Ttotal Status Flags
r-devel-linux-x86_64-debian-clang 4.0-1 13.18 32.10 45.28 WARN
r-devel-linux-x86_64-debian-gcc 4.0-1 8.80 26.10 34.90 WARN
r-devel-linux-x86_64-fedora-clang 4.0-1 56.48 OK
r-devel-linux-x86_64-fedora-gcc 4.0-1 54.46 WARN
r-devel-windows-ix86+x86_64 4.0-1 36.00 57.00 93.00 OK
r-patched-linux-x86_64 4.0-1 10.78 32.81 43.59 OK
r-patched-solaris-x86 4.0-1 78.60 OK
r-release-linux-x86_64 4.0-1 11.00 32.74 43.74 OK
r-release-windows-ix86+x86_64 4.0-1 32.00 72.00 104.00 OK
r-release-osx-x86_64 4.0-1 OK
r-oldrel-windows-ix86+x86_64 4.0-1 33.00 49.00 82.00 OK
r-oldrel-osx-x86_64 4.0-1 OK

Additional issues

LTO

Check Details

Version: 4.0-1
Check: whether package can be installed
Result: WARN
    Found the following significant warnings:
     fintegrate.c:350:5: warning: ignoring return value of function declared with 'warn_unused_result' attribute [-Wunused-result]
     gibbsEM.c:417:9: warning: ignoring return value of function declared with 'warn_unused_result' attribute [-Wunused-result]
Flavor: r-devel-linux-x86_64-debian-clang

Version: 4.0-1
Check: whether package can be installed
Result: WARN
    Found the following significant warnings:
     fintegrate.c:350:5: warning: ignoring return value of ‘scanf’, declared with attribute warn_unused_result [-Wunused-result]
     gibbsEM.c:417:9: warning: ignoring return value of ‘scanf’, declared with attribute warn_unused_result [-Wunused-result]
Flavors: r-devel-linux-x86_64-debian-gcc, r-devel-linux-x86_64-fedora-gcc