CRAN Package Check Results for Package edgeRun

Last updated on 2019-10-13 01:46:12 CEST.

Flavor Version Tinstall Tcheck Ttotal Status Flags
r-devel-linux-x86_64-debian-clang 1.0.9 4.11 40.56 44.67 NOTE
r-devel-linux-x86_64-debian-gcc 1.0.9 3.38 35.94 39.32 NOTE
r-devel-linux-x86_64-fedora-clang 1.0.9 50.96 NOTE
r-devel-linux-x86_64-fedora-gcc 1.0.9 48.91 NOTE
r-devel-windows-ix86+x86_64 1.0.9 8.00 78.00 86.00 NOTE
r-patched-linux-x86_64 1.0.9 3.93 41.21 45.14 NOTE
r-patched-solaris-x86 1.0.9 73.20 NOTE
r-release-linux-x86_64 1.0.9 4.17 36.66 40.83 NOTE
r-release-windows-ix86+x86_64 1.0.9 13.00 52.00 65.00 NOTE
r-release-osx-x86_64 1.0.9 WARN
r-oldrel-windows-ix86+x86_64 1.0.9 4.00 46.00 50.00 NOTE
r-oldrel-osx-x86_64 1.0.9 NOTE

Check Details

Version: 1.0.9
Check: R code for possible problems
Result: NOTE
    UCexactTest: no visible global function definition for 'is'
    UCexactTest: no visible global function definition for 'new'
    pvalue: no visible global function definition for 'dnbinom'
    pvalue: no visible global function definition for 'pnbinom'
    sup.mu: no visible global function definition for 'predict'
    Undefined global functions or variables:
     dnbinom is new pnbinom predict
    Consider adding
     importFrom("methods", "is", "new")
     importFrom("stats", "dnbinom", "pnbinom", "predict")
    to your NAMESPACE file (and ensure that your DESCRIPTION Imports field
    contains 'methods').
Flavors: r-devel-linux-x86_64-debian-clang, r-devel-linux-x86_64-debian-gcc, r-devel-linux-x86_64-fedora-clang, r-devel-linux-x86_64-fedora-gcc, r-devel-windows-ix86+x86_64, r-patched-linux-x86_64, r-patched-solaris-x86, r-release-linux-x86_64, r-release-windows-ix86+x86_64, r-release-osx-x86_64, r-oldrel-windows-ix86+x86_64, r-oldrel-osx-x86_64

Version: 1.0.9
Check: whether package can be installed
Result: WARN
    Found the following significant warnings:
     Warning: package ‘edgeR’ was built under R version 3.6.1
Flavor: r-release-osx-x86_64