CRAN Package Check Results for Package edgeRun

Last updated on 2020-05-30 02:02:32 CEST.

Flavor Version Tinstall Tcheck Ttotal Status Flags
r-devel-linux-x86_64-debian-clang 1.0.9 4.09 45.25 49.34 NOTE
r-devel-linux-x86_64-debian-gcc 1.0.9 3.95 35.98 39.93 NOTE
r-devel-linux-x86_64-fedora-clang 1.0.9 56.80 NOTE
r-devel-linux-x86_64-fedora-gcc 1.0.9 53.96 NOTE
r-devel-windows-ix86+x86_64 1.0.9 13.00 55.00 68.00 NOTE
r-patched-linux-x86_64 1.0.9 4.86 43.39 48.25 NOTE
r-patched-solaris-x86 1.0.9 81.40 NOTE
r-release-linux-x86_64 1.0.9 4.28 44.07 48.35 NOTE
r-release-osx-x86_64 1.0.9 NOTE
r-release-windows-ix86+x86_64 1.0.9 10.00 73.00 83.00 NOTE
r-oldrel-osx-x86_64 1.0.9 WARN
r-oldrel-windows-ix86+x86_64 1.0.9 15.00 48.00 63.00 NOTE

Check Details

Version: 1.0.9
Check: R code for possible problems
Result: NOTE
    UCexactTest: no visible global function definition for 'is'
    UCexactTest: no visible global function definition for 'new'
    pvalue: no visible global function definition for 'dnbinom'
    pvalue: no visible global function definition for 'pnbinom'
    sup.mu: no visible global function definition for 'predict'
    Undefined global functions or variables:
     dnbinom is new pnbinom predict
    Consider adding
     importFrom("methods", "is", "new")
     importFrom("stats", "dnbinom", "pnbinom", "predict")
    to your NAMESPACE file (and ensure that your DESCRIPTION Imports field
    contains 'methods').
Flavors: r-devel-linux-x86_64-debian-clang, r-devel-linux-x86_64-debian-gcc, r-devel-linux-x86_64-fedora-clang, r-devel-linux-x86_64-fedora-gcc, r-devel-windows-ix86+x86_64, r-patched-linux-x86_64, r-patched-solaris-x86, r-release-linux-x86_64, r-release-osx-x86_64, r-release-windows-ix86+x86_64, r-oldrel-osx-x86_64, r-oldrel-windows-ix86+x86_64

Version: 1.0.9
Check: whether package can be installed
Result: WARN
    Found the following significant warnings:
     Warning: package ‘edgeR’ was built under R version 3.6.1
Flavor: r-oldrel-osx-x86_64