CRAN Package Check Results for Package electionsBR

Last updated on 2019-10-22 01:49:26 CEST.

Flavor Version Tinstall Tcheck Ttotal Status Flags
r-devel-linux-x86_64-debian-clang 0.3.1 4.45 35.79 40.24 OK
r-devel-linux-x86_64-debian-gcc 0.3.1 3.79 28.22 32.01 OK
r-devel-linux-x86_64-fedora-clang 0.3.1 50.45 NOTE
r-devel-linux-x86_64-fedora-gcc 0.3.1 48.22 NOTE
r-devel-windows-ix86+x86_64 0.3.1 10.00 77.00 87.00 OK
r-patched-linux-x86_64 0.3.1 4.28 35.03 39.31 OK
r-patched-solaris-x86 0.3.1 71.20 NOTE
r-release-linux-x86_64 0.3.1 4.07 35.11 39.18 OK
r-release-windows-ix86+x86_64 0.3.1 12.00 51.00 63.00 OK
r-release-osx-x86_64 0.3.1 NOTE
r-oldrel-windows-ix86+x86_64 0.3.1 6.00 49.00 55.00 OK
r-oldrel-osx-x86_64 0.3.1 NOTE

Check Details

Version: 0.3.1
Check: dependencies in R code
Result: NOTE
    Namespace in Imports field not imported from: ‘stats’
     All declared Imports should be used.
Flavors: r-devel-linux-x86_64-fedora-clang, r-devel-linux-x86_64-fedora-gcc, r-patched-solaris-x86, r-release-osx-x86_64, r-oldrel-osx-x86_64