CRAN Package Check Results for Package elementR

Last updated on 2020-05-27 01:48:32 CEST.

Flavor Version Tinstall Tcheck Ttotal Status Flags
r-devel-linux-x86_64-debian-clang 1.3.6 54.92 154.09 209.01 OK
r-devel-linux-x86_64-debian-gcc 1.3.6 41.98 114.60 156.58 OK
r-devel-linux-x86_64-fedora-clang 1.3.6 274.73 OK
r-devel-linux-x86_64-fedora-gcc 1.3.6 252.94 OK
r-devel-windows-ix86+x86_64 1.3.6 99.00 197.00 296.00 ERROR
r-patched-linux-x86_64 1.3.6 53.94 154.81 208.75 OK
r-patched-solaris-x86 1.3.6 5.10 ERROR
r-release-linux-x86_64 1.3.6 53.86 154.00 207.86 OK
r-release-osx-x86_64 1.3.6 OK
r-release-windows-ix86+x86_64 1.3.6 81.00 201.00 282.00 OK
r-oldrel-osx-x86_64 1.3.6 ERROR
r-oldrel-windows-ix86+x86_64 1.3.6 75.00 131.00 206.00 OK

Check Details

Version: 1.3.6
Check: examples
Result: ERROR
    Running examples in 'elementR-Ex.R' failed
    The error most likely occurred in:
    
    > ### Name: elementR_project
    > ### Title: Object elementR_project
    > ### Aliases: elementR_project
    >
    > ### ** Examples
    >
    > ## create a new elementR_repStandard object based on the "filePath"
    > ## from a folder containing sample replicate
    >
    > filePath <- system.file("Example_Session", package="elementR")
    >
    > exampleProject <- elementR_project$new(filePath)
Flavor: r-devel-windows-ix86+x86_64

Version: 1.3.6
Check: package dependencies
Result: ERROR
    Packages required but not available: 'shiny', 'httpuv'
    
    See section ‘The DESCRIPTION file’ in the ‘Writing R Extensions’
    manual.
Flavor: r-patched-solaris-x86

Version: 1.3.6
Check: examples
Result: ERROR
    Running examples in ‘elementR-Ex.R’ failed
    The error most likely occurred in:
    
    > ### Name: elementR_project
    > ### Title: Object elementR_project
    > ### Aliases: elementR_project
    >
    > ### ** Examples
    >
    > ## create a new elementR_repStandard object based on the "filePath"
    > ## from a folder containing sample replicate
    >
    > filePath <- system.file("Example_Session", package="elementR")
    >
    > exampleProject <- elementR_project$new(filePath)
    Error in structure(.External(.C_dotTclObjv, objv), class = "tclObj") :
     [tcl] invalid command name "toplevel".
    Calls: <Anonymous> ... tktoplevel -> tkwidget -> tcl -> .Tcl.objv -> structure
    Execution halted
Flavor: r-oldrel-osx-x86_64