CRAN Package Check Results for Package elementR

Last updated on 2019-09-23 01:46:40 CEST.

Flavor Version Tinstall Tcheck Ttotal Status Flags
r-devel-linux-x86_64-debian-clang 1.3.6 50.29 139.46 189.75 OK
r-devel-linux-x86_64-debian-gcc 1.3.6 39.60 104.21 143.81 OK
r-devel-linux-x86_64-fedora-clang 1.3.6 232.02 OK
r-devel-linux-x86_64-fedora-gcc 1.3.6 232.10 OK
r-devel-windows-ix86+x86_64 1.3.6 103.00 195.00 298.00 OK
r-patched-linux-x86_64 1.3.6 51.68 136.52 188.20 OK
r-patched-solaris-x86 1.3.6 304.90 OK
r-release-linux-x86_64 1.3.6 50.77 137.74 188.51 OK
r-release-windows-ix86+x86_64 1.3.6 99.00 193.00 292.00 OK
r-release-osx-x86_64 1.3.6 ERROR
r-oldrel-windows-ix86+x86_64 1.3.6 47.00 124.00 171.00 OK
r-oldrel-osx-x86_64 1.3.6 OK

Check Details

Version: 1.3.6
Check: examples
Result: ERROR
    Running examples in ‘elementR-Ex.R’ failed
    The error most likely occurred in:
    
    > ### Name: elementR_project
    > ### Title: Object elementR_project
    > ### Aliases: elementR_project
    >
    > ### ** Examples
    >
    > ## create a new elementR_repStandard object based on the "filePath"
    > ## from a folder containing sample replicate
    >
    > filePath <- system.file("Example_Session", package="elementR")
    >
    > exampleProject <- elementR_project$new(filePath)
    Error in structure(.External(.C_dotTclObjv, objv), class = "tclObj") :
     [tcl] invalid command name "toplevel".
    Calls: <Anonymous> ... tktoplevel -> tkwidget -> tcl -> .Tcl.objv -> structure
    Execution halted
Flavor: r-release-osx-x86_64