CRAN Package Check Results for Package enviGCMS

Last updated on 2020-06-06 02:06:56 CEST.

Flavor Version Tinstall Tcheck Ttotal Status Flags
r-devel-linux-x86_64-debian-clang 0.6.0 7.28 70.18 77.46 NOTE
r-devel-linux-x86_64-debian-gcc 0.6.6 5.74 54.43 60.17 OK
r-devel-linux-x86_64-fedora-clang 0.6.6 49.12 NOTE
r-devel-linux-x86_64-fedora-gcc 0.6.6 51.84 OK
r-devel-windows-ix86+x86_64 0.6.0 21.00 184.00 205.00 OK
r-patched-linux-x86_64 0.6.6 7.74 70.00 77.74 OK
r-release-linux-x86_64 0.6.0 5.24 78.32 83.56 OK
r-release-osx-x86_64 0.6.0 ERROR
r-release-windows-ix86+x86_64 0.6.0 22.00 188.00 210.00 OK
r-oldrel-osx-x86_64 0.6.6 OK
r-oldrel-windows-ix86+x86_64 0.6.0 15.00 168.00 183.00 OK

Check Details

Version: 0.6.0
Check: package dependencies
Result: NOTE
    Packages suggested but not available for checking: 'xcms', 'MSnbase'
Flavor: r-devel-linux-x86_64-debian-clang

Version: 0.6.6
Check: package dependencies
Result: NOTE
    Packages suggested but not available for checking: 'xcms', 'MSnbase'
Flavor: r-devel-linux-x86_64-fedora-clang

Version: 0.6.0
Check: package dependencies
Result: ERROR
    Package required but not available: ‘Rdisop’
    
    See section ‘The DESCRIPTION file’ in the ‘Writing R Extensions’
    manual.
Flavor: r-release-osx-x86_64