CRAN Package Check Results for Package eoffice

Last updated on 2019-10-14 01:46:22 CEST.

Flavor Version Tinstall Tcheck Ttotal Status Flags
r-devel-linux-x86_64-debian-clang 0.1.7 7.87 86.41 94.28 OK
r-devel-linux-x86_64-debian-gcc 0.1.7 6.24 70.97 77.21 OK
r-devel-linux-x86_64-fedora-clang 0.1.7 106.43 NOTE
r-devel-linux-x86_64-fedora-gcc 0.1.7 111.61 NOTE
r-devel-windows-ix86+x86_64 0.1.7 23.00 105.00 128.00 OK
r-patched-linux-x86_64 0.1.7 7.52 76.31 83.83 OK
r-patched-solaris-x86 0.1.7 145.00 NOTE
r-release-linux-x86_64 0.1.7 6.91 81.87 88.78 OK
r-release-windows-ix86+x86_64 0.1.7 28.00 162.00 190.00 OK
r-release-osx-x86_64 0.1.7 NOTE
r-oldrel-windows-ix86+x86_64 0.1.7 9.00 90.00 99.00 OK
r-oldrel-osx-x86_64 0.1.7 NOTE

Check Details

Version: 0.1.7
Check: dependencies in R code
Result: NOTE
    Namespace in Imports field not imported from: ‘tibble’
     All declared Imports should be used.
Flavors: r-devel-linux-x86_64-fedora-clang, r-devel-linux-x86_64-fedora-gcc, r-patched-solaris-x86, r-release-osx-x86_64, r-oldrel-osx-x86_64