CRAN Package Check Results for Package erah

Last updated on 2020-06-03 01:50:45 CEST.

Flavor Version Tinstall Tcheck Ttotal Status Flags
r-devel-linux-x86_64-debian-clang 1.1.0 16.43 98.88 115.31 NOTE
r-devel-linux-x86_64-debian-gcc 1.1.0 12.50 77.98 90.48 OK
r-devel-linux-x86_64-fedora-clang 1.1.0 146.68 NOTE
r-devel-linux-x86_64-fedora-gcc 1.1.0 138.73 OK
r-devel-windows-ix86+x86_64 1.1.0 51.00 130.00 181.00 OK
r-patched-linux-x86_64 1.1.0 13.82 101.23 115.05 OK
r-patched-solaris-x86 1.1.0 195.40 NOTE
r-release-linux-x86_64 1.1.0 16.02 101.04 117.06 OK
r-release-osx-x86_64 1.1.0 OK
r-release-windows-ix86+x86_64 1.1.0 28.00 182.00 210.00 OK
r-oldrel-osx-x86_64 1.1.0 NOTE
r-oldrel-windows-ix86+x86_64 1.1.0 30.00 127.00 157.00 OK

Check Details

Version: 1.1.0
Check: package dependencies
Result: NOTE
    Package suggested but not available for checking: 'mzR'
Flavors: r-devel-linux-x86_64-debian-clang, r-devel-linux-x86_64-fedora-clang, r-patched-solaris-x86, r-oldrel-osx-x86_64