CRAN Package Check Results for Package erah

Last updated on 2019-10-20 01:46:48 CEST.

Flavor Version Tinstall Tcheck Ttotal Status Flags
r-devel-linux-x86_64-debian-clang 1.1.0 13.28 88.27 101.55 OK
r-devel-linux-x86_64-debian-gcc 1.1.0 10.61 69.55 80.16 OK
r-devel-linux-x86_64-fedora-clang 1.1.0 123.66 OK
r-devel-linux-x86_64-fedora-gcc 1.1.0 124.02 NOTE
r-devel-windows-ix86+x86_64 1.1.0 25.00 113.00 138.00 OK
r-patched-linux-x86_64 1.1.0 14.02 85.35 99.37 OK
r-patched-solaris-x86 1.1.0 174.90 NOTE
r-release-linux-x86_64 1.1.0 14.32 86.89 101.21 OK
r-release-windows-ix86+x86_64 1.1.0 28.00 170.00 198.00 OK
r-release-osx-x86_64 1.1.0 NOTE
r-oldrel-windows-ix86+x86_64 1.1.0 21.00 111.00 132.00 OK
r-oldrel-osx-x86_64 1.1.0 NOTE

Check Details

Version: 1.1.0
Check: package dependencies
Result: NOTE
    Package suggested but not available for checking: ‘mzR’
Flavors: r-devel-linux-x86_64-fedora-gcc, r-patched-solaris-x86, r-release-osx-x86_64, r-oldrel-osx-x86_64