CRAN Package Check Results for Package etma

Last updated on 2020-05-30 02:02:33 CEST.

Flavor Version Tinstall Tcheck Ttotal Status Flags
r-devel-linux-x86_64-debian-clang 1.1-1 2.64 30.21 32.85 WARN
r-devel-linux-x86_64-debian-gcc 1.1-1 2.28 23.83 26.11 OK
r-devel-linux-x86_64-fedora-clang 1.1-1 49.46 OK
r-devel-linux-x86_64-fedora-gcc 1.1-1 41.55 OK
r-devel-windows-ix86+x86_64 1.1-1 9.00 57.00 66.00 WARN
r-patched-linux-x86_64 1.1-1 2.35 30.48 32.83 OK
r-patched-solaris-x86 1.1-1 60.30 OK
r-release-linux-x86_64 1.1-1 2.70 30.67 33.37 OK
r-release-osx-x86_64 1.1-1 OK
r-release-windows-ix86+x86_64 1.1-1 7.00 60.00 67.00 OK
r-oldrel-osx-x86_64 1.1-1 OK
r-oldrel-windows-ix86+x86_64 1.1-1 7.00 43.00 50.00 OK

Check Details

Version: 1.1-1
Check: whether package can be installed
Result: WARN
    Found the following significant warnings:
     Warning: S4 exports specified in 'NAMESPACE' but not defined in package 'etma'
Flavors: r-devel-linux-x86_64-debian-clang, r-devel-windows-ix86+x86_64