CRAN Package Check Results for Package evclust

Last updated on 2020-03-29 01:48:53 CET.

Flavor Version Tinstall Tcheck Ttotal Status Flags
r-devel-linux-x86_64-debian-clang 1.1.0 OK
r-devel-linux-x86_64-debian-gcc 1.1.0 8.07 277.72 285.79 OK
r-devel-linux-x86_64-fedora-clang 1.1.0 438.86 OK
r-devel-linux-x86_64-fedora-gcc 1.1.0 426.96 OK
r-devel-windows-ix86+x86_64 1.1.0 22.00 318.00 340.00 OK
r-devel-windows-ix86+x86_64-gcc8 1.1.0 16.00 358.00 374.00 OK
r-patched-linux-x86_64 1.1.0 9.14 401.91 411.05 OK
r-patched-solaris-x86 1.1.0 617.40 OK
r-release-linux-x86_64 1.1.0 8.56 303.95 312.51 OK
r-release-windows-ix86+x86_64 1.1.0 24.00 460.00 484.00 OK
r-release-osx-x86_64 1.1.0 OK
r-oldrel-windows-ix86+x86_64 1.0.3 9.00 256.00 265.00 OK
r-oldrel-osx-x86_64 1.1.0 ERROR

Check Details

Version: 1.1.0
Check: whether package can be installed
Result: ERROR
    Installation failed.
Flavor: r-oldrel-osx-x86_64