CRAN Package Check Results for Package excel.link

Last updated on 2020-05-28 01:53:16 CEST.

Flavor Version Tinstall Tcheck Ttotal Status Flags
r-devel-windows-ix86+x86_64 0.9.8-1 45.00 84.00 129.00 NOTE
r-release-osx-x86_64 0.9.8-1 OK
r-release-windows-ix86+x86_64 0.9.8-1 34.00 86.00 120.00 NOTE
r-oldrel-osx-x86_64 0.9.8-1 OK
r-oldrel-windows-ix86+x86_64 0.9.8-1 42.00 64.00 106.00 OK

Check Details

Version: 0.9.8-1
Check: R code for possible problems
Result: NOTE
    getCOMElements: no visible global function definition for 'getExtends'
    Undefined global functions or variables:
     getExtends
Flavors: r-devel-windows-ix86+x86_64, r-release-windows-ix86+x86_64