CRAN Package Check Results for Package export

Last updated on 2019-09-19 01:50:25 CEST.

Flavor Version Tinstall Tcheck Ttotal Status Flags
r-devel-linux-x86_64-debian-clang 0.2.2 6.56 72.07 78.63 OK
r-devel-linux-x86_64-debian-gcc 0.2.2 6.31 56.82 63.13 OK
r-devel-linux-x86_64-fedora-clang 0.2.2 90.90 OK
r-devel-linux-x86_64-fedora-gcc 0.2.2 87.56 OK
r-devel-windows-ix86+x86_64 0.2.2 36.00 125.00 161.00 OK
r-patched-linux-x86_64 0.2.2 7.49 69.50 76.99 OK
r-patched-solaris-x86 0.2.2 139.80 OK
r-release-linux-x86_64 0.2.2 6.68 69.91 76.59 OK
r-release-windows-ix86+x86_64 0.2.2 21.00 89.00 110.00 OK
r-release-osx-x86_64 0.2.2 WARN
r-oldrel-windows-ix86+x86_64 0.2.2 12.00 81.00 93.00 OK
r-oldrel-osx-x86_64 0.2.2 OK

Check Details

Version: 0.2.2
Check: whether package can be installed
Result: WARN
    Found the following significant warnings:
     Warning: 'rgl_init' failed, running with rgl.useNULL = TRUE
Flavor: r-release-osx-x86_64