CRAN Package Check Results for Package expp

Last updated on 2022-01-17 00:48:33 CET.

Flavor Version Tinstall Tcheck Ttotal Status Flags
r-devel-linux-x86_64-debian-clang 1.2.5 34.28 314.15 348.43 OK
r-devel-linux-x86_64-debian-gcc 1.2.5 27.58 235.80 263.38 OK
r-devel-linux-x86_64-fedora-clang 1.2.5 419.65 OK
r-devel-linux-x86_64-fedora-gcc 1.2.5 395.20 OK
r-devel-windows-x86_64-new-UL 1.2.5 43.00 303.00 346.00 OK
r-devel-windows-x86_64-new-TK 1.2.5 NOTE
r-patched-linux-x86_64 1.2.5 34.28 295.27 329.55 OK
r-release-linux-x86_64 1.2.5 OK
r-release-macos-arm64 1.2.5 OK
r-release-macos-x86_64 1.2.5 OK
r-release-windows-ix86+x86_64 1.2.5 75.00 317.00 392.00 OK
r-oldrel-macos-x86_64 1.2.5 OK
r-oldrel-windows-ix86+x86_64 1.2.5 78.00 318.00 396.00 OK

Check Details

Version: 1.2.5
Check: package dependencies
Result: NOTE
    Package suggested but not available for checking: 'lme4'
Flavor: r-devel-windows-x86_64-new-TK