CRAN Package Check Results for Package fBasics

Last updated on 2019-10-23 03:48:27 CEST.

Flavor Version Tinstall Tcheck Ttotal Status Flags
r-devel-linux-x86_64-debian-clang 3042.89 78.56 144.09 222.65 OK
r-devel-linux-x86_64-debian-gcc 3042.89 60.73 112.18 172.91 OK
r-devel-linux-x86_64-fedora-clang 3042.89 270.70 NOTE
r-devel-linux-x86_64-fedora-gcc 3042.89 246.06 NOTE
r-devel-windows-ix86+x86_64 3042.89 98.00 243.00 341.00 OK
r-patched-linux-x86_64 3042.89 63.66 141.61 205.27 OK
r-patched-solaris-x86 3042.89 373.00 OK
r-release-linux-x86_64 3042.89 64.22 142.79 207.01 OK
r-release-windows-ix86+x86_64 3042.89 116.00 192.00 308.00 OK
r-release-osx-x86_64 3042.89 OK
r-oldrel-windows-ix86+x86_64 3042.89 111.00 235.00 346.00 OK
r-oldrel-osx-x86_64 3042.89 OK

Check Details

Version: 3042.89
Check: compiled code
Result: NOTE
    File ‘fBasics/libs/fBasics.so’:
     Found no calls to: ‘R_registerRoutines’, ‘R_useDynamicSymbols’
    
    It is good practice to register native routines and to disable symbol
    search.
    
    See ‘Writing portable packages’ in the ‘Writing R Extensions’ manual.
Flavors: r-devel-linux-x86_64-fedora-clang, r-devel-linux-x86_64-fedora-gcc