CRAN Package Check Results for Package fBasics

Last updated on 2020-06-03 01:50:46 CEST.

Flavor Version Tinstall Tcheck Ttotal Status Flags
r-devel-linux-x86_64-debian-clang 3042.89.1 68.08 158.79 226.87 OK
r-devel-linux-x86_64-debian-gcc 3042.89.1 61.55 121.91 183.46 OK
r-devel-linux-x86_64-fedora-clang 3042.89.1 310.43 NOTE
r-devel-linux-x86_64-fedora-gcc 3042.89.1 271.00 NOTE
r-devel-windows-ix86+x86_64 3042.89.1 117.00 295.00 412.00 OK
r-patched-linux-x86_64 3042.89.1 68.91 160.12 229.03 OK
r-patched-solaris-x86 3042.89.1 415.30 OK
r-release-linux-x86_64 3042.89.1 73.26 159.94 233.20 OK
r-release-osx-x86_64 3042.89.1 OK
r-release-windows-ix86+x86_64 3042.89.1 83.00 191.00 274.00 OK
r-oldrel-osx-x86_64 3042.89.1 NOTE
r-oldrel-windows-ix86+x86_64 3042.89.1 116.00 203.00 319.00 OK

Check Details

Version: 3042.89.1
Check: compiled code
Result: NOTE
    File ‘fBasics/libs/fBasics.so’:
     Found no calls to: ‘R_registerRoutines’, ‘R_useDynamicSymbols’
    
    It is good practice to register native routines and to disable symbol
    search.
    
    See ‘Writing portable packages’ in the ‘Writing R Extensions’ manual.
Flavors: r-devel-linux-x86_64-fedora-clang, r-devel-linux-x86_64-fedora-gcc

Version: 3042.89.1
Check: dependencies in R code
Result: NOTE
    No protocol specified
    No protocol specified
Flavor: r-oldrel-osx-x86_64