CRAN Package Check Results for Package fGarch

Last updated on 2020-04-08 01:48:55 CEST.

Flavor Version Tinstall Tcheck Ttotal Status Flags
r-devel-linux-x86_64-debian-clang 3042.83.2 12.42 81.61 94.03 OK
r-devel-linux-x86_64-debian-gcc 3042.83.2 9.44 78.99 88.43 OK
r-devel-linux-x86_64-fedora-clang 3042.83.2 112.49 NOTE
r-devel-linux-x86_64-fedora-gcc 3042.83.2 110.73 NOTE
r-devel-windows-ix86+x86_64 3042.83.2 23.00 171.00 194.00 OK
r-devel-windows-ix86+x86_64-gcc8 3042.83.2 25.00 126.00 151.00 OK
r-patched-linux-x86_64 3042.83.2 11.22 79.49 90.71 OK
r-patched-solaris-x86 3042.83.2 157.60 OK
r-release-linux-x86_64 3042.83.2 9.83 71.46 81.29 OK
r-release-windows-ix86+x86_64 3042.83.2 23.00 173.00 196.00 OK
r-release-osx-x86_64 3042.83.2 OK
r-oldrel-windows-ix86+x86_64 3042.83.2 25.00 113.00 138.00 OK
r-oldrel-osx-x86_64 3042.83.2 OK

Check Details

Version: 3042.83.2
Check: compiled code
Result: NOTE
    File ‘fGarch/libs/fGarch.so’:
     Found no calls to: ‘R_registerRoutines’, ‘R_useDynamicSymbols’
    
    It is good practice to register native routines and to disable symbol
    search.
    
    See ‘Writing portable packages’ in the ‘Writing R Extensions’ manual.
Flavors: r-devel-linux-x86_64-fedora-clang, r-devel-linux-x86_64-fedora-gcc