CRAN Package Check Results for Package fPortfolio

Last updated on 2020-07-04 02:50:00 CEST.

Flavor Version Tinstall Tcheck Ttotal Status Flags
r-devel-linux-x86_64-debian-clang 3042.83.1 23.47 146.89 170.36 NOTE
r-devel-linux-x86_64-debian-gcc 3042.83.1 19.60 110.66 130.26 NOTE
r-devel-linux-x86_64-fedora-clang 3042.83.1 213.49 NOTE
r-devel-linux-x86_64-fedora-gcc 3042.83.1 201.24 NOTE
r-devel-windows-ix86+x86_64 3042.83.1 54.00 203.00 257.00 NOTE
r-patched-linux-x86_64 3042.83.1 22.63 145.82 168.45 NOTE
r-patched-solaris-x86 3042.83.1 266.10 NOTE
r-release-linux-x86_64 3042.83.1 22.77 145.67 168.44 NOTE
r-release-osx-x86_64 3042.83.1 NOTE
r-release-windows-ix86+x86_64 3042.83.1 38.00 138.00 176.00 NOTE
r-oldrel-osx-x86_64 3042.83.1 NOTE
r-oldrel-windows-ix86+x86_64 3042.83.1 61.00 173.00 234.00 NOTE

Check Details

Version: 3042.83.1
Check: package dependencies
Result: NOTE
    Packages suggested but not available for checking:
     'Rsocp', 'Rnlminb2', 'Rdonlp2'
Flavors: r-devel-linux-x86_64-debian-clang, r-devel-linux-x86_64-debian-gcc, r-devel-linux-x86_64-fedora-clang, r-devel-linux-x86_64-fedora-gcc, r-devel-windows-ix86+x86_64, r-patched-linux-x86_64, r-release-linux-x86_64, r-release-windows-ix86+x86_64, r-oldrel-windows-ix86+x86_64

Version: 3042.83.1
Check: package dependencies
Result: NOTE
    Packages suggested but not available for checking:
     'Rsocp', 'Rnlminb2', 'Rdonlp2', 'Rsymphony'
Flavors: r-patched-solaris-x86, r-release-osx-x86_64, r-oldrel-osx-x86_64