CRAN Package Check Results for Package fPortfolio

Last updated on 2019-11-21 00:49:57 CET.

Flavor Version Tinstall Tcheck Ttotal Status Flags
r-devel-linux-x86_64-debian-clang 3042.83 23.92 134.22 158.14 NOTE
r-devel-linux-x86_64-debian-gcc 3042.83 21.23 109.54 130.77 NOTE
r-devel-linux-x86_64-fedora-clang 3042.83 189.50 NOTE
r-devel-linux-x86_64-fedora-gcc 3042.83 191.23 NOTE
r-devel-windows-ix86+x86_64 3042.83 50.00 173.00 223.00 NOTE
r-devel-windows-ix86+x86_64-gcc8 3042.83 30.00 125.00 155.00 NOTE
r-patched-linux-x86_64 3042.83 20.21 126.13 146.34 NOTE
r-patched-solaris-x86 3042.83 246.40 NOTE
r-release-linux-x86_64 3042.83 20.38 126.23 146.61 NOTE
r-release-windows-ix86+x86_64 3042.83 47.00 174.00 221.00 NOTE
r-release-osx-x86_64 3042.83 NOTE
r-oldrel-windows-ix86+x86_64 3042.83 28.00 116.00 144.00 NOTE
r-oldrel-osx-x86_64 3042.83 NOTE

Check Details

Version: 3042.83
Check: package dependencies
Result: NOTE
    Packages suggested but not available for checking:
     'Rsocp', 'Rnlminb2', 'Rdonlp2'
Flavors: r-devel-linux-x86_64-debian-clang, r-devel-linux-x86_64-debian-gcc, r-devel-linux-x86_64-fedora-clang, r-devel-linux-x86_64-fedora-gcc, r-devel-windows-ix86+x86_64, r-devel-windows-ix86+x86_64-gcc8, r-patched-linux-x86_64, r-release-linux-x86_64, r-release-windows-ix86+x86_64

Version: 3042.83
Check: package dependencies
Result: NOTE
    Packages suggested but not available for checking:
     'Rsocp', 'Rnlminb2', 'Rdonlp2', 'Rsymphony'
Flavors: r-patched-solaris-x86, r-release-osx-x86_64

Version: 3042.83
Check: package dependencies
Result: NOTE
    Packages suggested but not available for checking:
     'Rsocp' 'Rnlminb2' 'Rdonlp2'
Flavor: r-oldrel-windows-ix86+x86_64

Version: 3042.83
Check: package dependencies
Result: NOTE
    Packages suggested but not available for checking:
     ‘Rsocp’ ‘Rnlminb2’ ‘Rdonlp2’ ‘Rsymphony’
Flavor: r-oldrel-osx-x86_64