CRAN Package Check Results for Package fakeR

Last updated on 2019-10-23 03:48:27 CEST.

Flavor Version Tinstall Tcheck Ttotal Status Flags
r-devel-linux-x86_64-debian-clang 1.0 3.52 36.16 39.68 NOTE
r-devel-linux-x86_64-debian-gcc 1.0 2.41 29.28 31.69 NOTE
r-devel-linux-x86_64-fedora-clang 1.0 48.84 OK
r-devel-linux-x86_64-fedora-gcc 1.0 47.57 OK
r-devel-windows-ix86+x86_64 1.0 8.00 79.00 87.00 NOTE
r-patched-linux-x86_64 1.0 3.12 36.05 39.17 OK
r-patched-solaris-x86 1.0 75.00 OK
r-release-linux-x86_64 1.0 3.33 35.62 38.95 OK
r-release-windows-ix86+x86_64 1.0 10.00 49.00 59.00 OK
r-release-osx-x86_64 1.0 OK
r-oldrel-windows-ix86+x86_64 1.0 6.00 74.00 80.00 OK
r-oldrel-osx-x86_64 1.0 OK

Check Details

Version: 1.0
Check: package vignettes
Result: NOTE
    Package vignette with placeholder title 'Vignette Title':
     'my-vignette.Rmd'
Flavors: r-devel-linux-x86_64-debian-clang, r-devel-linux-x86_64-debian-gcc, r-devel-windows-ix86+x86_64