CRAN Package Check Results for Package fakeR

Last updated on 2020-06-03 01:50:46 CEST.

Flavor Version Tinstall Tcheck Ttotal Status Flags
r-devel-linux-x86_64-debian-clang 1.0 4.02 40.45 44.47 NOTE
r-devel-linux-x86_64-debian-gcc 1.0 3.37 32.58 35.95 NOTE
r-devel-linux-x86_64-fedora-clang 1.0 62.05 OK
r-devel-linux-x86_64-fedora-gcc 1.0 54.05 OK
r-devel-windows-ix86+x86_64 1.0 11.00 74.00 85.00 NOTE
r-patched-linux-x86_64 1.0 3.64 40.31 43.95 NOTE
r-patched-solaris-x86 1.0 81.80 OK
r-release-linux-x86_64 1.0 3.86 41.32 45.18 NOTE
r-release-osx-x86_64 1.0 OK
r-release-windows-ix86+x86_64 1.0 9.00 75.00 84.00 NOTE
r-oldrel-osx-x86_64 1.0 OK
r-oldrel-windows-ix86+x86_64 1.0 9.00 53.00 62.00 OK

Check Details

Version: 1.0
Check: package vignettes
Result: NOTE
    Package vignette with placeholder title 'Vignette Title':
     'my-vignette.Rmd'
Flavors: r-devel-linux-x86_64-debian-clang, r-devel-linux-x86_64-debian-gcc, r-devel-windows-ix86+x86_64, r-patched-linux-x86_64, r-release-linux-x86_64, r-release-windows-ix86+x86_64