CRAN Package Check Results for Package fakeR

Last updated on 2021-01-16 00:47:28 CET.

Flavor Version Tinstall Tcheck Ttotal Status Flags
r-devel-linux-x86_64-debian-clang 1.0 3.43 45.24 48.67 NOTE
r-devel-linux-x86_64-debian-gcc 1.0 3.14 35.50 38.64 NOTE
r-devel-linux-x86_64-fedora-clang 1.0 70.90 OK
r-devel-linux-x86_64-fedora-gcc 1.0 61.45 OK
r-devel-windows-ix86+x86_64 1.0 9.00 55.00 64.00 NOTE
r-patched-linux-x86_64 1.0 3.76 43.44 47.20 NOTE
r-patched-solaris-x86 1.0 89.20 OK
r-release-linux-x86_64 1.0 3.56 43.32 46.88 NOTE
r-release-macos-x86_64 1.0 OK
r-release-windows-ix86+x86_64 1.0 9.00 50.00 59.00 NOTE
r-oldrel-macos-x86_64 1.0 OK
r-oldrel-windows-ix86+x86_64 1.0 5.00 47.00 52.00 OK

Check Details

Version: 1.0
Check: package vignettes
Result: NOTE
    Package vignette with placeholder title 'Vignette Title':
     'my-vignette.Rmd'
Flavors: r-devel-linux-x86_64-debian-clang, r-devel-linux-x86_64-debian-gcc, r-devel-windows-ix86+x86_64, r-patched-linux-x86_64, r-release-linux-x86_64, r-release-windows-ix86+x86_64