CRAN Package Check Results for Package fanplot

Last updated on 2019-10-16 05:47:01 CEST.

Flavor Version Tinstall Tcheck Ttotal Status Flags
r-devel-linux-x86_64-debian-clang 3.4.1 3.56 25.15 28.71 NOTE
r-devel-linux-x86_64-debian-gcc 3.4.1 3.17 20.00 23.17 NOTE
r-devel-linux-x86_64-fedora-clang 3.4.1 37.39 NOTE
r-devel-linux-x86_64-fedora-gcc 3.4.1 35.17 NOTE
r-devel-windows-ix86+x86_64 3.4.1 9.00 37.00 46.00 OK
r-patched-linux-x86_64 3.4.1 3.56 24.27 27.83 NOTE
r-patched-solaris-x86 3.4.1 53.10 NOTE
r-release-linux-x86_64 3.4.1 3.40 24.83 28.23 NOTE
r-release-windows-ix86+x86_64 3.4.1 6.00 37.00 43.00 OK
r-release-osx-x86_64 3.4.1 OK
r-oldrel-windows-ix86+x86_64 3.4.1 5.00 34.00 39.00 OK
r-oldrel-osx-x86_64 3.4.1 OK

Check Details

Version: 3.4.1
Check: package dependencies
Result: NOTE
    Package suggested but not available for checking: 'tsbugs'
Flavors: r-devel-linux-x86_64-debian-clang, r-devel-linux-x86_64-debian-gcc, r-devel-linux-x86_64-fedora-clang, r-devel-linux-x86_64-fedora-gcc, r-patched-linux-x86_64, r-patched-solaris-x86, r-release-linux-x86_64