CRAN Package Check Results for Package fdm2id

Last updated on 2020-06-03 01:50:46 CEST.

Flavor Version Tinstall Tcheck Ttotal Status Flags
r-devel-linux-x86_64-debian-clang 0.9.3 15.06 137.38 152.44 OK
r-devel-linux-x86_64-debian-gcc 0.9.3 12.67 107.45 120.12 OK
r-devel-linux-x86_64-fedora-clang 0.9.3 193.48 NOTE
r-devel-linux-x86_64-fedora-gcc 0.9.3 186.70 NOTE
r-devel-windows-ix86+x86_64 0.9.3 46.00 234.00 280.00 OK
r-patched-linux-x86_64 0.9.3 13.57 139.29 152.86 OK
r-patched-solaris-x86 0.9.3 274.20 NOTE
r-release-linux-x86_64 0.9.3 14.29 137.28 151.57 OK
r-release-osx-x86_64 0.9.3 NOTE
r-release-windows-ix86+x86_64 0.9.3 34.00 239.00 273.00 OK
r-oldrel-osx-x86_64 0.9.3 NOTE
r-oldrel-windows-ix86+x86_64 0.9.3 28.00 178.00 206.00 OK

Check Details

Version: 0.9.3
Check: package dependencies
Result: NOTE
    Imports includes 26 non-default packages.
    Importing from so many packages makes the package vulnerable to any of
    them becoming unavailable. Move as many as possible to Suggests and
    use conditionally.
Flavor: r-devel-linux-x86_64-fedora-clang

Version: 0.9.3
Check: data for non-ASCII characters
Result: NOTE
     Note: found 3 marked Latin-1 strings
     Note: found 3 marked UTF-8 strings
Flavors: r-devel-linux-x86_64-fedora-clang, r-devel-linux-x86_64-fedora-gcc, r-patched-solaris-x86, r-release-osx-x86_64, r-oldrel-osx-x86_64