CRAN Package Check Results for Package fedregs

Last updated on 2019-10-21 05:46:59 CEST.

Flavor Version Tinstall Tcheck Ttotal Status Flags
r-devel-linux-x86_64-debian-clang 1.0.0 3.85 38.93 42.78 OK
r-devel-linux-x86_64-debian-gcc 1.0.0 3.32 32.22 35.54 OK
r-devel-linux-x86_64-fedora-clang 1.0.0 52.37 NOTE
r-devel-linux-x86_64-fedora-gcc 1.0.0 51.78 NOTE
r-devel-windows-ix86+x86_64 1.0.0 9.00 69.00 78.00 OK
r-patched-linux-x86_64 1.0.0 3.84 38.52 42.36 OK
r-patched-solaris-x86 1.0.0 82.80 NOTE
r-release-linux-x86_64 1.0.0 4.22 39.44 43.66 OK
r-release-windows-ix86+x86_64 1.0.0 14.00 84.00 98.00 OK
r-release-osx-x86_64 1.0.0 NOTE
r-oldrel-windows-ix86+x86_64 1.0.0 4.00 66.00 70.00 OK
r-oldrel-osx-x86_64 1.0.0 NOTE

Check Details

Version: 1.0.0
Check: dependencies in R code
Result: NOTE
    Namespaces in Imports field not imported from:
     ‘rvest’ ‘stringi’
     All declared Imports should be used.
Flavors: r-devel-linux-x86_64-fedora-clang, r-devel-linux-x86_64-fedora-gcc, r-patched-solaris-x86, r-release-osx-x86_64, r-oldrel-osx-x86_64