CRAN Package Check Results for Package fedregs

Last updated on 2020-06-03 01:50:46 CEST.

Flavor Version Tinstall Tcheck Ttotal Status Flags
r-devel-linux-x86_64-debian-clang 1.0.0 4.61 43.77 48.38 OK
r-devel-linux-x86_64-debian-gcc 1.0.0 3.70 35.19 38.89 OK
r-devel-linux-x86_64-fedora-clang 1.0.0 67.33 NOTE
r-devel-linux-x86_64-fedora-gcc 1.0.0 57.90 NOTE
r-devel-windows-ix86+x86_64 1.0.0 17.00 90.00 107.00 OK
r-patched-linux-x86_64 1.0.0 4.13 44.34 48.47 OK
r-patched-solaris-x86 1.0.0 91.10 NOTE
r-release-linux-x86_64 1.0.0 5.13 43.79 48.92 OK
r-release-osx-x86_64 1.0.0 NOTE
r-release-windows-ix86+x86_64 1.0.0 13.00 77.00 90.00 OK
r-oldrel-osx-x86_64 1.0.0 NOTE
r-oldrel-windows-ix86+x86_64 1.0.0 10.00 70.00 80.00 OK

Check Details

Version: 1.0.0
Check: dependencies in R code
Result: NOTE
    Namespaces in Imports field not imported from:
     ‘rvest’ ‘stringi’
     All declared Imports should be used.
Flavors: r-devel-linux-x86_64-fedora-clang, r-devel-linux-x86_64-fedora-gcc, r-patched-solaris-x86, r-release-osx-x86_64, r-oldrel-osx-x86_64