CRAN Package Check Results for Package finch

Last updated on 2019-10-17 02:47:23 CEST.

Flavor Version Tinstall Tcheck Ttotal Status Flags
r-devel-linux-x86_64-debian-clang 0.3.0 7.93 62.10 70.03 OK
r-devel-linux-x86_64-debian-gcc 0.3.0 5.89 46.77 52.66 OK
r-devel-linux-x86_64-fedora-clang 0.3.0 63.34 NOTE
r-devel-linux-x86_64-fedora-gcc 0.3.0 59.64 NOTE
r-devel-windows-ix86+x86_64 0.3.0 28.00 113.00 141.00 OK
r-patched-linux-x86_64 0.3.0 6.35 59.77 66.12 OK
r-patched-solaris-x86 0.3.0 91.30 NOTE
r-release-linux-x86_64 0.3.0 7.40 60.13 67.53 OK
r-release-windows-ix86+x86_64 0.3.0 16.00 110.00 126.00 OK
r-release-osx-x86_64 0.3.0 ERROR
r-oldrel-windows-ix86+x86_64 0.3.0 9.00 70.00 79.00 OK
r-oldrel-osx-x86_64 0.3.0 ERROR

Check Details

Version: 0.3.0
Check: dependencies in R code
Result: NOTE
    Namespace in Imports field not imported from: ‘rappdirs’
     All declared Imports should be used.
Flavors: r-devel-linux-x86_64-fedora-clang, r-devel-linux-x86_64-fedora-gcc, r-patched-solaris-x86

Version: 0.3.0
Check: package dependencies
Result: ERROR
    Package required and available but unsuitable version: ‘EML’
    
    See section ‘The DESCRIPTION file’ in the ‘Writing R Extensions’
    manual.
Flavors: r-release-osx-x86_64, r-oldrel-osx-x86_64