CRAN Package Check Results for Package fitbitScraper

Last updated on 2020-06-02 01:55:30 CEST.

Flavor Version Tinstall Tcheck Ttotal Status Flags
r-devel-linux-x86_64-debian-clang 0.1.8 2.29 20.51 22.80 OK --no-vignettes
r-devel-linux-x86_64-debian-gcc 0.1.8 1.89 16.43 18.32 OK --no-vignettes
r-devel-linux-x86_64-fedora-clang 0.1.8 35.98 OK --no-vignettes
r-devel-linux-x86_64-fedora-gcc 0.1.8 27.38 OK --no-vignettes
r-devel-windows-ix86+x86_64 0.1.8 7.00 48.00 55.00 OK --no-vignettes
r-patched-linux-x86_64 0.1.8 2.07 20.63 22.70 OK --no-vignettes
r-patched-solaris-x86 0.1.8 42.60 OK --no-vignettes
r-release-linux-x86_64 0.1.8 2.26 20.64 22.90 OK --no-vignettes
r-release-osx-x86_64 0.1.8 WARN
r-release-windows-ix86+x86_64 0.1.8 5.00 51.00 56.00 OK --no-vignettes
r-oldrel-osx-x86_64 0.1.8 WARN
r-oldrel-windows-ix86+x86_64 0.1.8 4.00 41.00 45.00 OK --no-vignettes

Check Details

Version: 0.1.8
Check: re-building of vignette outputs
Result: WARN
    Error(s) in re-building vignettes:
     ...
    --- re-building ‘fitbitScraper-examples.Rmd’ using rmarkdown
    Quitting from lines 22-24 (fitbitScraper-examples.Rmd)
    Error: processing vignette 'fitbitScraper-examples.Rmd' failed with diagnostics:
    login failed
    --- failed re-building ‘fitbitScraper-examples.Rmd’
    
    SUMMARY: processing the following file failed:
     ‘fitbitScraper-examples.Rmd’
    
    Error: Vignette re-building failed.
    Execution halted
Flavor: r-release-osx-x86_64

Version: 0.1.8
Check: re-building of vignette outputs
Result: WARN
    Error(s) in re-building vignettes:
     ...
    --- re-building ‘fitbitScraper-examples.Rmd’ using rmarkdown
    Warning in engine$weave(file, quiet = quiet, encoding = enc) :
     Pandoc (>= 1.12.3) and/or pandoc-citeproc not available. Falling back to R Markdown v1.
    Quitting from lines 22-24 (fitbitScraper-examples.Rmd)
    Error: processing vignette 'fitbitScraper-examples.Rmd' failed with diagnostics:
    login failed
    --- failed re-building ‘fitbitScraper-examples.Rmd’
    
    SUMMARY: processing the following file failed:
     ‘fitbitScraper-examples.Rmd’
    
    Error: Vignette re-building failed.
    Execution halted
Flavor: r-oldrel-osx-x86_64