CRAN Package Check Results for Package fivethirtyeight

Last updated on 2020-07-04 02:50:00 CEST.

Flavor Version Tinstall Tcheck Ttotal Status Flags
r-devel-linux-x86_64-debian-clang 0.5.0 7.70 60.77 68.47 OK
r-devel-linux-x86_64-debian-gcc 0.5.0 7.01 48.10 55.11 OK
r-devel-linux-x86_64-fedora-clang 0.5.0 89.37 NOTE
r-devel-linux-x86_64-fedora-gcc 0.5.0 81.15 NOTE
r-devel-windows-ix86+x86_64 0.5.0 33.00 124.00 157.00 OK
r-patched-linux-x86_64 0.5.0 8.48 60.41 68.89 OK
r-patched-solaris-x86 0.5.0 115.00 NOTE
r-release-linux-x86_64 0.5.0 7.55 60.37 67.92 OK
r-release-osx-x86_64 0.5.0 NOTE
r-release-windows-ix86+x86_64 0.5.0 17.00 108.00 125.00 OK
r-oldrel-osx-x86_64 0.5.0 NOTE
r-oldrel-windows-ix86+x86_64 0.5.0 16.00 117.00 133.00 OK

Check Details

Version: 0.5.0
Check: data for non-ASCII characters
Result: NOTE
     Note: found 489 marked UTF-8 strings
Flavors: r-devel-linux-x86_64-fedora-clang, r-devel-linux-x86_64-fedora-gcc, r-patched-solaris-x86, r-release-osx-x86_64, r-oldrel-osx-x86_64

Version: 0.5.0
Check: installed package size
Result: NOTE
     installed size is 5.3Mb
     sub-directories of 1Mb or more:
     data 4.0Mb
Flavor: r-patched-solaris-x86