CRAN Package Check Results for Package flars

Last updated on 2020-06-03 01:50:46 CEST.

Flavor Version Tinstall Tcheck Ttotal Status Flags
r-devel-linux-x86_64-debian-clang 1.0 47.50 79.63 127.13 OK
r-devel-linux-x86_64-debian-gcc 1.0 35.94 63.84 99.78 OK
r-devel-linux-x86_64-fedora-clang 1.0 171.07 NOTE
r-devel-linux-x86_64-fedora-gcc 1.0 153.27 NOTE
r-devel-windows-ix86+x86_64 1.0 128.00 153.00 281.00 OK
r-patched-linux-x86_64 1.0 37.97 80.37 118.34 OK
r-patched-solaris-x86 1.0 200.60 OK
r-release-linux-x86_64 1.0 37.00 81.22 118.22 OK
r-release-osx-x86_64 1.0 OK
r-release-windows-ix86+x86_64 1.0 92.00 283.00 375.00 OK
r-oldrel-osx-x86_64 1.0 OK
r-oldrel-windows-ix86+x86_64 1.0 88.00 134.00 222.00 OK

Check Details

Version: 1.0
Check: compiled code
Result: NOTE
    File ‘flars/libs/flars.so’:
     Found no calls to: ‘R_registerRoutines’, ‘R_useDynamicSymbols’
    
    It is good practice to register native routines and to disable symbol
    search.
    
    See ‘Writing portable packages’ in the ‘Writing R Extensions’ manual.
Flavors: r-devel-linux-x86_64-fedora-clang, r-devel-linux-x86_64-fedora-gcc