CRAN Package Check Results for Package flars

Last updated on 2019-10-20 01:46:49 CEST.

Flavor Version Tinstall Tcheck Ttotal Status Flags
r-devel-linux-x86_64-debian-clang 1.0 46.25 72.80 119.05 OK
r-devel-linux-x86_64-debian-gcc 1.0 30.42 59.94 90.36 OK
r-devel-linux-x86_64-fedora-clang 1.0 151.40 NOTE
r-devel-linux-x86_64-fedora-gcc 1.0 147.28 NOTE
r-devel-windows-ix86+x86_64 1.0 77.00 161.00 238.00 OK
r-patched-linux-x86_64 1.0 35.43 73.01 108.44 OK
r-patched-solaris-x86 1.0 191.70 OK
r-release-linux-x86_64 1.0 34.57 74.21 108.78 OK
r-release-windows-ix86+x86_64 1.0 73.00 163.00 236.00 OK
r-release-osx-x86_64 1.0 OK
r-oldrel-windows-ix86+x86_64 1.0 67.00 116.00 183.00 OK
r-oldrel-osx-x86_64 1.0 OK

Check Details

Version: 1.0
Check: compiled code
Result: NOTE
    File ‘flars/libs/flars.so’:
     Found no calls to: ‘R_registerRoutines’, ‘R_useDynamicSymbols’
    
    It is good practice to register native routines and to disable symbol
    search.
    
    See ‘Writing portable packages’ in the ‘Writing R Extensions’ manual.
Flavors: r-devel-linux-x86_64-fedora-clang, r-devel-linux-x86_64-fedora-gcc