CRAN Package Check Results for Package flower

Last updated on 2020-05-31 01:48:40 CEST.

Flavor Version Tinstall Tcheck Ttotal Status Flags
r-devel-linux-x86_64-debian-clang 1.0 2.46 20.39 22.85 NOTE
r-devel-linux-x86_64-debian-gcc 1.0 1.89 16.32 18.21 NOTE
r-devel-linux-x86_64-fedora-clang 1.0 27.86 NOTE
r-devel-linux-x86_64-fedora-gcc 1.0 27.00 NOTE
r-devel-windows-ix86+x86_64 1.0 7.00 40.00 47.00 NOTE
r-patched-linux-x86_64 1.0 2.25 20.65 22.90 NOTE
r-patched-solaris-x86 1.0 42.30 NOTE
r-release-linux-x86_64 1.0 2.55 20.55 23.10 NOTE
r-release-osx-x86_64 1.0 NOTE
r-release-windows-ix86+x86_64 1.0 5.00 31.00 36.00 NOTE
r-oldrel-osx-x86_64 1.0 NOTE
r-oldrel-windows-ix86+x86_64 1.0 4.00 37.00 41.00 NOTE

Check Details

Version: 1.0
Check: R code for possible problems
Result: NOTE
    RIind: no visible global function definition for 'aggregate'
    RIind: no visible binding for global variable 'sd'
    RIpop: no visible global function definition for 'aggregate'
    RIpop: no visible binding for global variable 'sd'
    SI: no visible global function definition for 'sd'
    SI2: no visible global function definition for 'sd'
    SI3: no visible global function definition for 'aggregate'
    SI3: no visible global function definition for 'pairs'
    SI3: no visible global function definition for 'cor'
    SI4: no visible global function definition for 'aggregate'
    SI4: no visible global function definition for 'sd'
    fCV: no visible global function definition for 'sd'
    Undefined global functions or variables:
     aggregate cor pairs sd
    Consider adding
     importFrom("graphics", "pairs")
     importFrom("stats", "aggregate", "cor", "sd")
    to your NAMESPACE file.
Flavors: r-devel-linux-x86_64-debian-clang, r-devel-linux-x86_64-debian-gcc, r-devel-linux-x86_64-fedora-clang, r-devel-linux-x86_64-fedora-gcc, r-devel-windows-ix86+x86_64, r-patched-linux-x86_64, r-patched-solaris-x86, r-release-linux-x86_64, r-release-osx-x86_64, r-release-windows-ix86+x86_64, r-oldrel-osx-x86_64, r-oldrel-windows-ix86+x86_64