CRAN Package Check Results for Package flower

Last updated on 2019-09-23 01:46:41 CEST.

Flavor Version Tinstall Tcheck Ttotal Status Flags
r-devel-linux-x86_64-debian-clang 1.0 2.28 18.29 20.57 NOTE
r-devel-linux-x86_64-debian-gcc 1.0 1.71 14.83 16.54 NOTE
r-devel-linux-x86_64-fedora-clang 1.0 25.71 NOTE
r-devel-linux-x86_64-fedora-gcc 1.0 25.26 NOTE
r-devel-windows-ix86+x86_64 1.0 9.00 46.00 55.00 NOTE
r-patched-linux-x86_64 1.0 1.89 18.39 20.28 NOTE
r-patched-solaris-x86 1.0 37.20 NOTE
r-release-linux-x86_64 1.0 1.62 18.67 20.29 NOTE
r-release-windows-ix86+x86_64 1.0 4.00 37.00 41.00 NOTE
r-release-osx-x86_64 1.0 NOTE
r-oldrel-windows-ix86+x86_64 1.0 2.00 27.00 29.00 NOTE
r-oldrel-osx-x86_64 1.0 NOTE

Check Details

Version: 1.0
Check: R code for possible problems
Result: NOTE
    RIind: no visible global function definition for 'aggregate'
    RIind: no visible binding for global variable 'sd'
    RIpop: no visible global function definition for 'aggregate'
    RIpop: no visible binding for global variable 'sd'
    SI: no visible global function definition for 'sd'
    SI2: no visible global function definition for 'sd'
    SI3: no visible global function definition for 'aggregate'
    SI3: no visible global function definition for 'pairs'
    SI3: no visible global function definition for 'cor'
    SI4: no visible global function definition for 'aggregate'
    SI4: no visible global function definition for 'sd'
    fCV: no visible global function definition for 'sd'
    Undefined global functions or variables:
     aggregate cor pairs sd
    Consider adding
     importFrom("graphics", "pairs")
     importFrom("stats", "aggregate", "cor", "sd")
    to your NAMESPACE file.
Flavors: r-devel-linux-x86_64-debian-clang, r-devel-linux-x86_64-debian-gcc, r-devel-linux-x86_64-fedora-clang, r-devel-linux-x86_64-fedora-gcc, r-devel-windows-ix86+x86_64, r-patched-linux-x86_64, r-patched-solaris-x86, r-release-linux-x86_64, r-release-windows-ix86+x86_64, r-release-osx-x86_64, r-oldrel-windows-ix86+x86_64, r-oldrel-osx-x86_64