CRAN Package Check Results for Package fmri

Last updated on 2020-06-03 01:50:46 CEST.

Flavor Version Tinstall Tcheck Ttotal Status Flags
r-devel-linux-x86_64-debian-clang 1.9.3 21.64 107.54 129.18 OK
r-devel-linux-x86_64-debian-gcc 1.9.3 17.06 82.34 99.40 OK
r-devel-linux-x86_64-fedora-clang 1.9.3 160.25 OK
r-devel-linux-x86_64-fedora-gcc 1.9.3 153.67 OK
r-devel-windows-ix86+x86_64 1.9.3 51.00 147.00 198.00 OK
r-patched-linux-x86_64 1.9.3 19.74 108.10 127.84 OK
r-patched-solaris-x86 1.9.3 207.40 OK
r-release-linux-x86_64 1.9.3 20.18 108.15 128.33 OK
r-release-osx-x86_64 1.9.3 OK
r-release-windows-ix86+x86_64 1.9.3 36.00 265.00 301.00 OK
r-oldrel-osx-x86_64 1.9.3 NOTE
r-oldrel-windows-ix86+x86_64 1.9.3 36.00 122.00 158.00 OK

Check Details

Version: 1.9.3
Check: dependencies in R code
Result: NOTE
    No protocol specified
    No protocol specified
    No protocol specified
    No protocol specified
Flavor: r-oldrel-osx-x86_64