CRAN Package Check Results for Package foreach

Last updated on 2019-10-17 02:47:23 CEST.

Flavor Version Tinstall Tcheck Ttotal Status Flags
r-devel-linux-x86_64-debian-clang 1.4.7 2.74 39.09 41.83 OK
r-devel-linux-x86_64-debian-gcc 1.4.7 2.09 30.82 32.91 OK
r-devel-linux-x86_64-fedora-clang 1.4.7 50.48 OK
r-devel-linux-x86_64-fedora-gcc 1.4.7 49.15 OK
r-devel-windows-ix86+x86_64 1.4.7 9.00 112.00 121.00 NOTE
r-patched-linux-x86_64 1.4.7 2.12 38.14 40.26 OK
r-patched-solaris-x86 1.4.7 57.00 OK
r-release-linux-x86_64 1.4.7 2.31 38.00 40.31 OK
r-release-windows-ix86+x86_64 1.4.7 7.00 134.00 141.00 NOTE
r-release-osx-x86_64 1.4.7 OK
r-oldrel-windows-ix86+x86_64 1.4.7 5.00 111.00 116.00 NOTE
r-oldrel-osx-x86_64 1.4.7 OK

Check Details

Version: 1.4.7
Check: package dependencies
Result: NOTE
    Package which this enhances but not available for checking: 'doMC'
Flavors: r-devel-windows-ix86+x86_64, r-release-windows-ix86+x86_64, r-oldrel-windows-ix86+x86_64