CRAN Package Check Results for Package forestFloor

Last updated on 2019-10-21 05:47:00 CEST.

Flavor Version Tinstall Tcheck Ttotal Status Flags
r-devel-linux-x86_64-debian-clang 1.11.1 24.58 115.34 139.92 OK
r-devel-linux-x86_64-debian-gcc 1.11.1 21.41 91.74 113.15 WARN
r-devel-linux-x86_64-fedora-clang 1.11.1 174.09 OK
r-devel-linux-x86_64-fedora-gcc 1.11.1 172.92 WARN
r-devel-windows-ix86+x86_64 1.11.1 54.00 286.00 340.00 WARN
r-patched-linux-x86_64 1.11.1 22.85 110.82 133.67 OK
r-patched-solaris-x86 1.11.1 237.90 OK
r-release-linux-x86_64 1.11.1 24.58 111.53 136.11 OK
r-release-windows-ix86+x86_64 1.11.1 79.00 220.00 299.00 OK
r-release-osx-x86_64 1.11.1 WARN
r-oldrel-windows-ix86+x86_64 1.11.1 45.00 200.00 245.00 OK
r-oldrel-osx-x86_64 1.11.1 OK

Check Details

Version: 1.11.1
Check: whether package can be installed
Result: WARN
    Found the following significant warnings:
     testcpp_rec6.cpp:197:37: warning: value computed is not used [-Wunused-value]
     testcpp_rec6.cpp:551:37: warning: value computed is not used [-Wunused-value]
Flavors: r-devel-linux-x86_64-debian-gcc, r-devel-linux-x86_64-fedora-gcc, r-devel-windows-ix86+x86_64

Version: 1.11.1
Check: whether package can be installed
Result: WARN
    Found the following significant warnings:
     Warning: 'rgl_init' failed, running with rgl.useNULL = TRUE
Flavor: r-release-osx-x86_64