CRAN Package Check Results for Package fssemR

Last updated on 2020-05-25 01:48:52 CEST.

Flavor Version Tinstall Tcheck Ttotal Status Flags
r-devel-linux-x86_64-debian-clang 0.1.6 48.08 147.73 195.81 OK
r-devel-linux-x86_64-debian-gcc 0.1.6 40.40 110.32 150.72 OK
r-devel-linux-x86_64-fedora-clang 0.1.6 238.25 NOTE
r-devel-linux-x86_64-fedora-gcc 0.1.6 237.20 OK
r-devel-windows-ix86+x86_64 0.1.6 100.00 267.00 367.00 OK
r-patched-linux-x86_64 0.1.6 43.04 145.09 188.13 OK
r-patched-solaris-x86 0.1.6 276.80 OK
r-release-linux-x86_64 0.1.6 40.34 145.51 185.85 OK
r-release-osx-x86_64 0.1.6 NOTE
r-release-windows-ix86+x86_64 0.1.6 78.00 263.00 341.00 OK
r-oldrel-osx-x86_64 0.1.6 NOTE
r-oldrel-windows-ix86+x86_64 0.1.6 71.00 209.00 280.00 OK

Check Details

Version: 0.1.6
Check: installed package size
Result: NOTE
     installed size is 14.1Mb
     sub-directories of 1Mb or more:
     libs 13.3Mb
Flavors: r-devel-linux-x86_64-fedora-clang, r-release-osx-x86_64, r-oldrel-osx-x86_64