CRAN Package Check Results for Package fssemR

Last updated on 2019-10-17 02:47:23 CEST.

Flavor Version Tinstall Tcheck Ttotal Status Flags
r-devel-linux-x86_64-debian-clang 0.1.5 46.15 135.84 181.99 OK
r-devel-linux-x86_64-debian-gcc 0.1.5 36.19 102.79 138.98 OK
r-devel-linux-x86_64-fedora-clang 0.1.5 218.39 WARN
r-devel-linux-x86_64-fedora-gcc 0.1.5 221.19 OK
r-devel-windows-ix86+x86_64 0.1.5 100.00 211.00 311.00 OK
r-patched-linux-x86_64 0.1.5 36.82 133.24 170.06 OK
r-patched-solaris-x86 0.1.5 259.30 OK
r-release-linux-x86_64 0.1.5 40.03 133.01 173.04 OK
r-release-windows-ix86+x86_64 0.1.5 61.00 284.00 345.00 OK
r-release-osx-x86_64 0.1.5 NOTE
r-oldrel-windows-ix86+x86_64 0.1.5 56.00 192.00 248.00 OK
r-oldrel-osx-x86_64 0.1.5 NOTE

Check Details

Version: 0.1.5
Check: whether package can be installed
Result: WARN
    Found the following significant warnings:
     ./MatOp.h:122:44: warning: 'bind2nd<std::__1::minus<float>, float>' is deprecated [-Wdeprecated-declarations]
Flavor: r-devel-linux-x86_64-fedora-clang

Version: 0.1.5
Check: installed package size
Result: NOTE
     installed size is 13.7Mb
     sub-directories of 1Mb or more:
     libs 13.0Mb
Flavors: r-devel-linux-x86_64-fedora-clang, r-release-osx-x86_64, r-oldrel-osx-x86_64