CRAN Package Check Results for Package fts

Last updated on 2020-07-12 18:49:54 CEST.

Flavor Version Tinstall Tcheck Ttotal Status Flags
r-devel-linux-x86_64-debian-clang 0.9.9.2 34.90 24.70 59.60 OK
r-devel-linux-x86_64-debian-gcc 0.9.9.2 25.73 19.56 45.29 OK
r-devel-linux-x86_64-fedora-clang 0.9.9.2 88.28 NOTE
r-devel-linux-x86_64-fedora-gcc 0.9.9.2 73.89 NOTE
r-devel-windows-ix86+x86_64 0.9.9.2 79.00 69.00 148.00 OK
r-patched-linux-x86_64 0.9.9.2 31.71 24.63 56.34 OK
r-patched-solaris-x86 0.9.9.2 105.40 OK
r-release-linux-x86_64 0.9.9.2 31.76 24.51 56.27 OK
r-release-macos-x86_64 0.9.9.2 OK
r-release-windows-ix86+x86_64 0.9.9.2 77.00 55.00 132.00 OK
r-oldrel-macos-x86_64 0.9.9.2 OK
r-oldrel-windows-ix86+x86_64 0.9.9.2 82.00 60.00 142.00 OK

Additional issues

clang-UBSAN gcc-UBSAN

Check Details

Version: 0.9.9.2
Check: installed package size
Result: NOTE
     installed size is 5.8Mb
     sub-directories of 1Mb or more:
     libs 5.6Mb
Flavor: r-devel-linux-x86_64-fedora-clang

Version: 0.9.9.2
Check: compiled code
Result: NOTE
    File ‘fts/libs/fts.so’:
     Found no calls to: ‘R_registerRoutines’, ‘R_useDynamicSymbols’
    
    It is good practice to register native routines and to disable symbol
    search.
    
    See ‘Writing portable packages’ in the ‘Writing R Extensions’ manual.
Flavors: r-devel-linux-x86_64-fedora-clang, r-devel-linux-x86_64-fedora-gcc