CRAN Package Check Results for Package fungible

Last updated on 2020-05-31 01:48:40 CEST.

Flavor Version Tinstall Tcheck Ttotal Status Flags
r-devel-linux-x86_64-debian-clang 1.95.2 17.09 138.25 155.34 WARN
r-devel-linux-x86_64-debian-gcc 1.95.2 12.06 101.49 113.55 WARN
r-devel-linux-x86_64-fedora-clang 1.95.2 189.32 WARN
r-devel-linux-x86_64-fedora-gcc 1.95.2 190.06 WARN
r-devel-windows-ix86+x86_64 1.95.2 28.00 161.00 189.00 WARN
r-patched-linux-x86_64 1.95.2 14.76 135.41 150.17 OK
r-patched-solaris-x86 1.95.2 227.00 NOTE
r-release-linux-x86_64 1.95.2 16.66 135.76 152.42 OK
r-release-osx-x86_64 1.95.2 NOTE
r-release-windows-ix86+x86_64 1.95.2 23.00 204.00 227.00 OK
r-oldrel-osx-x86_64 1.95.2 NOTE
r-oldrel-windows-ix86+x86_64 1.95.2 20.00 151.00 171.00 OK

Check Details

Version: 1.95.2
Check: whether package can be installed
Result: WARN
    Found the following significant warnings:
     Warning: S4 exports specified in 'NAMESPACE' but not defined in package 'fungible'
Flavors: r-devel-linux-x86_64-debian-clang, r-devel-windows-ix86+x86_64

Version: 1.95.2
Check: whether the namespace can be loaded with stated dependencies
Result: NOTE
    Warning: S4 exports specified in 'NAMESPACE' but not defined in package 'fungible'
    
    A namespace must be able to be loaded with just the base namespace
    loaded: otherwise if the namespace gets loaded by a saved object, the
    session will be unable to start.
    
    Probably some imports need to be declared in the NAMESPACE file.
Flavors: r-devel-linux-x86_64-debian-clang, r-devel-windows-ix86+x86_64

Version: 1.95.2
Check: whether the namespace can be loaded with stated dependencies
Result: WARN
    Warning: S4 exports specified in 'NAMESPACE' but not defined in package ‘fungible’
Flavors: r-devel-linux-x86_64-debian-gcc, r-devel-linux-x86_64-fedora-clang, r-devel-linux-x86_64-fedora-gcc

Version: 1.95.2
Check: data for non-ASCII characters
Result: NOTE
     Note: found 1 marked UTF-8 string
Flavors: r-devel-linux-x86_64-fedora-clang, r-devel-linux-x86_64-fedora-gcc, r-patched-solaris-x86, r-release-osx-x86_64, r-oldrel-osx-x86_64