CRAN Package Check Results for Package fungible

Last updated on 2019-10-17 02:47:23 CEST.

Flavor Version Tinstall Tcheck Ttotal Status Flags
r-devel-linux-x86_64-debian-clang 1.92 12.03 102.49 114.52 OK
r-devel-linux-x86_64-debian-gcc 1.92 9.97 78.14 88.11 OK
r-devel-linux-x86_64-fedora-clang 1.92 142.57 NOTE
r-devel-linux-x86_64-fedora-gcc 1.92 139.73 NOTE
r-devel-windows-ix86+x86_64 1.92 30.00 161.00 191.00 OK
r-patched-linux-x86_64 1.92 12.64 99.33 111.97 OK
r-patched-solaris-x86 1.92 184.30 NOTE
r-release-linux-x86_64 1.92 12.38 101.03 113.41 OK
r-release-windows-ix86+x86_64 1.91 16.00 115.00 131.00 OK
r-release-osx-x86_64 1.92 NOTE
r-oldrel-windows-ix86+x86_64 1.92 12.00 106.00 118.00 OK
r-oldrel-osx-x86_64 1.92 NOTE

Check Details

Version: 1.92
Check: data for non-ASCII characters
Result: NOTE
     Note: found 1 marked UTF-8 string
Flavors: r-devel-linux-x86_64-fedora-clang, r-devel-linux-x86_64-fedora-gcc, r-patched-solaris-x86, r-release-osx-x86_64, r-oldrel-osx-x86_64