CRAN Package Check Results for Package gapfill

Last updated on 2019-10-13 01:46:14 CEST.

Flavor Version Tinstall Tcheck Ttotal Status Flags
r-devel-linux-x86_64-debian-clang 0.9.6 23.74 103.99 127.73 OK
r-devel-linux-x86_64-debian-gcc 0.9.6 17.09 81.07 98.16 OK
r-devel-linux-x86_64-fedora-clang 0.9.6 157.12 OK
r-devel-linux-x86_64-fedora-gcc 0.9.6 148.95 OK
r-devel-windows-ix86+x86_64 0.9.6 49.00 204.00 253.00 OK
r-patched-linux-x86_64 0.9.6 18.32 98.28 116.60 OK
r-patched-solaris-x86 0.9.6 202.80 OK
r-release-linux-x86_64 0.9.6 19.76 99.86 119.62 OK
r-release-windows-ix86+x86_64 0.9.6 70.00 166.00 236.00 OK
r-release-osx-x86_64 0.9.6 NOTE
r-oldrel-windows-ix86+x86_64 0.9.6 38.00 171.00 209.00 OK
r-oldrel-osx-x86_64 0.9.6 NOTE

Check Details

Version: 0.9.6
Check: package dependencies
Result: NOTE
    Package which this enhances but not available for checking: ‘doMPI’
Flavors: r-release-osx-x86_64, r-oldrel-osx-x86_64