CRAN Package Check Results for Package gapfill

Last updated on 2020-05-30 02:02:34 CEST.

Flavor Version Tinstall Tcheck Ttotal Status Flags
r-devel-linux-x86_64-debian-clang 0.9.6 27.36 125.62 152.98 OK
r-devel-linux-x86_64-debian-gcc 0.9.6 21.10 94.38 115.48 OK
r-devel-linux-x86_64-fedora-clang 0.9.6 181.18 OK
r-devel-linux-x86_64-fedora-gcc 0.9.6 177.06 OK
r-devel-windows-ix86+x86_64 0.9.6 80.00 209.00 289.00 OK
r-patched-linux-x86_64 0.9.6 22.40 121.18 143.58 OK
r-patched-solaris-x86 0.9.6 243.20 OK
r-release-linux-x86_64 0.9.6 22.56 121.95 144.51 OK
r-release-osx-x86_64 0.9.6 NOTE
r-release-windows-ix86+x86_64 0.9.6 59.00 254.00 313.00 OK
r-oldrel-osx-x86_64 0.9.6 NOTE
r-oldrel-windows-ix86+x86_64 0.9.6 54.00 184.00 238.00 OK

Check Details

Version: 0.9.6
Check: package dependencies
Result: NOTE
    Package which this enhances but not available for checking: ‘doMPI’
Flavors: r-release-osx-x86_64, r-oldrel-osx-x86_64