CRAN Package Check Results for Package gdalcubes

Last updated on 2020-07-04 02:50:02 CEST.

Flavor Version Tinstall Tcheck Ttotal Status Flags
r-devel-linux-x86_64-debian-clang 0.2.5 421.57 56.96 478.53 OK
r-devel-linux-x86_64-debian-gcc 0.2.5 400.88 45.09 445.97 OK
r-devel-linux-x86_64-fedora-clang 0.2.5 674.05 NOTE
r-devel-linux-x86_64-fedora-gcc 0.2.5 765.86 OK
r-devel-windows-ix86+x86_64 0.2.5 1080.00 425.00 1505.00 NOTE
r-patched-linux-x86_64 0.2.5 417.81 56.95 474.76 OK
r-patched-solaris-x86 0.2.5 514.70 NOTE
r-release-linux-x86_64 0.2.5 413.41 57.05 470.46 OK
r-release-osx-x86_64 0.2.5 NOTE
r-release-windows-ix86+x86_64 0.2.5 843.00 357.00 1200.00 NOTE
r-oldrel-osx-x86_64 0.2.5 NOTE
r-oldrel-windows-ix86+x86_64 0.2.5 863.00 481.00 1344.00 NOTE

Check Details

Version: 0.2.5
Check: installed package size
Result: NOTE
     installed size is 45.7Mb
     sub-directories of 1Mb or more:
     L8NY18 2.3Mb
     libs 42.0Mb
Flavors: r-devel-linux-x86_64-fedora-clang, r-devel-windows-ix86+x86_64, r-patched-solaris-x86, r-release-osx-x86_64, r-release-windows-ix86+x86_64, r-oldrel-osx-x86_64, r-oldrel-windows-ix86+x86_64