CRAN Package Check Results for Package gdm

Last updated on 2020-05-31 01:48:40 CEST.

Flavor Version Tinstall Tcheck Ttotal Status Flags
r-devel-linux-x86_64-debian-clang 1.4.2 25.53 152.19 177.72 OK
r-devel-linux-x86_64-debian-gcc 1.4.2 19.69 113.34 133.03 OK
r-devel-linux-x86_64-fedora-clang 1.4.2 219.64 OK
r-devel-linux-x86_64-fedora-gcc 1.4.2 216.85 OK
r-devel-windows-ix86+x86_64 1.4.2 88.00 242.00 330.00 NOTE
r-patched-linux-x86_64 1.4.2 24.08 148.56 172.64 OK
r-patched-solaris-x86 1.4.2 282.20 OK
r-release-linux-x86_64 1.4.2 21.74 150.22 171.96 OK
r-release-osx-x86_64 1.4.2 OK
r-release-windows-ix86+x86_64 1.4.2 69.00 293.00 362.00 NOTE
r-oldrel-osx-x86_64 1.4.2 OK
r-oldrel-windows-ix86+x86_64 1.4.2 68.00 221.00 289.00 NOTE

Check Details

Version: 1.4.2
Check: installed package size
Result: NOTE
     installed size is 6.1Mb
     sub-directories of 1Mb or more:
     extdata 3.0Mb
     libs 1.8Mb
Flavors: r-devel-windows-ix86+x86_64, r-release-windows-ix86+x86_64, r-oldrel-windows-ix86+x86_64