CRAN Package Check Results for Package gdm

Last updated on 2019-10-18 01:46:26 CEST.

Flavor Version Tinstall Tcheck Ttotal Status Flags
r-devel-linux-x86_64-debian-clang 1.3.11 24.47 144.03 168.50 WARN
r-devel-linux-x86_64-debian-gcc 1.3.11 18.95 111.32 130.27 WARN
r-devel-linux-x86_64-fedora-clang 1.3.11 209.79 OK
r-devel-linux-x86_64-fedora-gcc 1.3.11 202.60 WARN
r-devel-windows-ix86+x86_64 1.3.11 82.00 200.00 282.00 NOTE
r-patched-linux-x86_64 1.3.11 20.03 140.03 160.06 WARN
r-patched-solaris-x86 1.3.11 268.80 OK
r-release-linux-x86_64 1.3.11 22.91 140.97 163.88 WARN
r-release-windows-ix86+x86_64 1.3.11 61.00 291.00 352.00 NOTE
r-release-osx-x86_64 1.3.11 OK
r-oldrel-windows-ix86+x86_64 1.3.11 49.00 188.00 237.00 NOTE
r-oldrel-osx-x86_64 1.3.11 OK

Check Details

Version: 1.3.11
Check: whether package can be installed
Result: WARN
    Found the following significant warnings:
     Gdmlib.cpp:1738:3: warning: ignoring return value of function declared with 'warn_unused_result' attribute [-Wunused-result]
     NNLS_Double.cpp:930:3: warning: ignoring return value of function declared with 'warn_unused_result' attribute [-Wunused-result]
Flavor: r-devel-linux-x86_64-debian-clang

Version: 1.3.11
Check: whether package can be installed
Result: WARN
    Found the following significant warnings:
     Gdmlib.cpp:2352:13: warning: passing argument 1 to restrict-qualified parameter aliases with argument 3 [-Wrestrict]
     Gdmlib.cpp:1738:8: warning: ignoring return value of ‘ssize_t write(int, const void*, size_t)’, declared with attribute warn_unused_result [-Wunused-result]
     Gdmlib.cpp:2352:23: warning: ‘%lf’ directive writing between 3 and 317 bytes into a region of size between 0 and 1023 [-Wformat-overflow=]
     NNLS_Double.cpp:930:7: warning: ignoring return value of ‘ssize_t read(int, void*, size_t)’, declared with attribute warn_unused_result [-Wunused-result]
Flavors: r-devel-linux-x86_64-debian-gcc, r-devel-linux-x86_64-fedora-gcc

Version: 1.3.11
Check: installed package size
Result: NOTE
     installed size is 5.9Mb
     sub-directories of 1Mb or more:
     doc 1.1Mb
     extdata 3.0Mb
     libs 1.4Mb
Flavors: r-devel-windows-ix86+x86_64, r-release-windows-ix86+x86_64, r-oldrel-windows-ix86+x86_64

Version: 1.3.11
Check: whether package can be installed
Result: WARN
    Found the following significant warnings:
     Gdmlib.cpp:2352:19: warning: ‘%lf’ directive writing between 3 and 317 bytes into a region of size between 0 and 1023 [-Wformat-overflow=]
Flavors: r-patched-linux-x86_64, r-release-linux-x86_64