CRAN Package Check Results for Package gee

Last updated on 2020-05-28 01:53:17 CEST.

Flavor Version Tinstall Tcheck Ttotal Status Flags
r-devel-linux-x86_64-debian-clang 4.13-20 8.80 22.02 30.82 NOTE
r-devel-linux-x86_64-debian-gcc 4.13-20 3.53 17.40 20.93 NOTE
r-devel-linux-x86_64-fedora-clang 4.13-20 39.38 NOTE
r-devel-linux-x86_64-fedora-gcc 4.13-20 31.47 NOTE
r-devel-windows-ix86+x86_64 4.13-20 12.00 57.00 69.00 OK
r-patched-linux-x86_64 4.13-20 3.81 21.77 25.58 NOTE
r-patched-solaris-x86 4.13-20 48.70 OK
r-release-linux-x86_64 4.13-20 3.49 21.89 25.38 NOTE
r-release-osx-x86_64 4.13-20 OK
r-release-windows-ix86+x86_64 4.13-20 12.00 63.00 75.00 OK
r-oldrel-osx-x86_64 4.13-20 OK
r-oldrel-windows-ix86+x86_64 4.13-20 17.00 43.00 60.00 OK

Check Details

Version: 4.13-20
Check: top-level files
Result: NOTE
    Non-standard files/directories found at top level:
     'README.too' 'blurb'
Flavors: r-devel-linux-x86_64-debian-clang, r-devel-linux-x86_64-debian-gcc, r-devel-linux-x86_64-fedora-clang, r-devel-linux-x86_64-fedora-gcc, r-patched-linux-x86_64, r-release-linux-x86_64