CRAN Package Check Results for Package gee

Last updated on 2019-10-19 01:50:13 CEST.

Flavor Version Tinstall Tcheck Ttotal Status Flags
r-devel-linux-x86_64-debian-clang 4.13-19 9.00 19.87 28.87 NOTE
r-devel-linux-x86_64-debian-gcc 4.13-19 2.99 16.03 19.02 NOTE
r-devel-linux-x86_64-fedora-clang 4.13-19 37.13 NOTE
r-devel-linux-x86_64-fedora-gcc 4.13-19 29.21 NOTE
r-devel-windows-ix86+x86_64 4.13-19 16.00 40.00 56.00 OK
r-patched-linux-x86_64 4.13-19 3.36 19.42 22.78 NOTE
r-patched-solaris-x86 4.13-19 45.50 OK
r-release-linux-x86_64 4.13-19 3.48 19.66 23.14 NOTE
r-release-windows-ix86+x86_64 4.13-19 11.00 59.00 70.00 OK
r-release-osx-x86_64 4.13-19 OK
r-oldrel-windows-ix86+x86_64 4.13-19 8.00 38.00 46.00 OK
r-oldrel-osx-x86_64 4.13-19 OK

Check Details

Version: 4.13-19
Check: top-level files
Result: NOTE
    Non-standard files/directories found at top level:
     'README.too' 'blurb'
Flavors: r-devel-linux-x86_64-debian-clang, r-devel-linux-x86_64-debian-gcc, r-devel-linux-x86_64-fedora-clang, r-devel-linux-x86_64-fedora-gcc, r-patched-linux-x86_64, r-release-linux-x86_64