CRAN Package Check Results for Package genio

Last updated on 2020-05-26 01:57:50 CEST.

Flavor Version Tinstall Tcheck Ttotal Status Flags
r-devel-linux-x86_64-debian-clang 1.0.12 25.36 48.48 73.84 OK
r-devel-linux-x86_64-debian-gcc 1.0.12 18.21 38.39 56.60 OK
r-devel-linux-x86_64-fedora-clang 1.0.12 86.22 OK
r-devel-linux-x86_64-fedora-gcc 1.0.12 89.60 OK
r-devel-windows-ix86+x86_64 1.0.12 69.00 113.00 182.00 OK
r-patched-linux-x86_64 1.0.12 18.95 48.72 67.67 OK
r-patched-solaris-x86 1.0.12 106.30 OK
r-release-linux-x86_64 1.0.12 18.99 48.49 67.48 OK
r-release-osx-x86_64 1.0.12 NOTE
r-release-windows-ix86+x86_64 1.0.12 65.00 120.00 185.00 OK
r-oldrel-osx-x86_64 1.0.12 OK
r-oldrel-windows-ix86+x86_64 1.0.12 54.00 117.00 171.00 OK

Check Details

Version: 1.0.12
Check: package dependencies
Result: NOTE
    Package suggested but not available for checking: ‘lfa’
Flavor: r-release-osx-x86_64